{"id":7046,"date":"2024-11-25T14:37:22","date_gmt":"2024-11-25T13:37:22","guid":{"rendered":"https:\/\/www.fu1838.org\/archivo-uriach\/enric-huguet-muixi\/"},"modified":"2025-03-03T16:21:00","modified_gmt":"2025-03-03T15:21:00","slug":"enric-huguet-muixi","status":"publish","type":"archivo-uriach","link":"https:\/\/www.fu1838.org\/ca\/archivo-uriach\/enric-huguet-muixi\/","title":{"rendered":"Enric Huguet Muix\u00ed"},"content":{"rendered":"\n<p>Neix a Barcelona i entre 1942 i 1947 es forma a l\u2019Escola Oficial d\u2019Arts Aplicades de Barcelona. Posteriorment, el 1957, funda l\u2019Estudi Gr\u00e0fic Glosa, dedicat a la publicitat farmac\u00e8utica, en societat amb J.M. i E. Boada dins d\u2019Edicions Glosa.<\/p>\n\n<p>Forma part del grup fundador de Grafistes FAD, actualment ADG\/FAD, i el 1963 inicia la seva traject\u00f2ria pedag\u00f2gica com a professor de disseny a l\u2019Escola Massana.<\/p>\n\n<p>Entre 1972 i 1978 treballa per a diferents empreses, i el 1973 rep el Premi Laus per la col\u00b7lecci\u00f3 d\u2019il\u00b7lustracions per als laboratoris Uriach.<\/p>\n\n<p>La seva obra ha estat publicada en revistes i anuaris de pa\u00efsos com Su\u00efssa, Alemanya, It\u00e0lia, Fran\u00e7a, el Jap\u00f3 i Espanya, i est\u00e0 exposada en el Museu d\u2019Art Modern de Barcelona, el Museu del Cartell de Vars\u00f2via, el Museu de Berl\u00edn i el Museu de Brno (Rep\u00fablica Txeca).<\/p>\n\n<p><\/p>\n","protected":false},"featured_media":2067,"template":"","meta":{"_acf_changed":false},"categorias-archivo":[59],"class_list":["post-7046","archivo-uriach","type-archivo-uriach","status-publish","has-post-thumbnail","hentry","categorias-archivo-publicitat"],"acf":[],"yoast_head":"<!-- This site is optimized with the Yoast SEO plugin v24.1 - https:\/\/yoast.com\/wordpress\/plugins\/seo\/ -->\n<title>Enric Huguet Muix\u00ed - Fundaci\u00f3n Uriach<\/title>\n<meta name=\"robots\" content=\"index, follow, max-snippet:-1, max-image-preview:large, max-video-preview:-1\" \/>\n<link rel=\"canonical\" href=\"https:\/\/www.fu1838.org\/ca\/archivo-uriach\/enric-huguet-muixi\/\" \/>\n<meta property=\"og:locale\" content=\"ca_ES\" \/>\n<meta property=\"og:type\" content=\"article\" \/>\n<meta property=\"og:title\" content=\"Enric Huguet Muix\u00ed - Fundaci\u00f3n Uriach\" \/>\n<meta property=\"og:description\" content=\"Neix a Barcelona i entre 1942 i 1947 es forma a l\u2019Escola Oficial d\u2019Arts Aplicades de Barcelona. Posteriorment, el 1957, funda l\u2019Estudi Gr\u00e0fic Glosa, dedicat a la publicitat farmac\u00e8utica, en societat amb J.M. i E. Boada dins d\u2019Edicions Glosa. Forma part del grup fundador de Grafistes FAD, actualment ADG\/FAD, i el 1963 inicia la seva [&hellip;]\" \/>\n<meta property=\"og:url\" content=\"https:\/\/www.fu1838.org\/ca\/archivo-uriach\/enric-huguet-muixi\/\" \/>\n<meta property=\"og:site_name\" content=\"Fundaci\u00f3n Uriach\" \/>\n<meta property=\"article:modified_time\" content=\"2025-03-03T15:21:00+00:00\" \/>\n<meta property=\"og:image\" content=\"https:\/\/www.fu1838.org\/wp-content\/uploads\/2024\/11\/ArchivoPublicidad_Artista04_Imagen.jpg\" \/>\n\t<meta property=\"og:image:width\" content=\"500\" \/>\n\t<meta property=\"og:image:height\" content=\"614\" \/>\n\t<meta property=\"og:image:type\" content=\"image\/jpeg\" \/>\n<meta name=\"twitter:card\" content=\"summary_large_image\" \/>\n<meta name=\"twitter:label1\" content=\"Temps estimat de lectura\" \/>\n\t<meta name=\"twitter:data1\" content=\"1 minut\" \/>\n<script type=\"application\/ld+json\" class=\"yoast-schema-graph\">{\"@context\":\"https:\/\/schema.org\",\"@graph\":[{\"@type\":\"WebPage\",\"@id\":\"https:\/\/www.fu1838.org\/ca\/archivo-uriach\/enric-huguet-muixi\/\",\"url\":\"https:\/\/www.fu1838.org\/ca\/archivo-uriach\/enric-huguet-muixi\/\",\"name\":\"Enric Huguet Muix\u00ed - Fundaci\u00f3n Uriach\",\"isPartOf\":{\"@id\":\"https:\/\/www.fu1838.org\/ca\/#website\"},\"primaryImageOfPage\":{\"@id\":\"https:\/\/www.fu1838.org\/ca\/archivo-uriach\/enric-huguet-muixi\/#primaryimage\"},\"image\":{\"@id\":\"https:\/\/www.fu1838.org\/ca\/archivo-uriach\/enric-huguet-muixi\/#primaryimage\"},\"thumbnailUrl\":\"https:\/\/www.fu1838.org\/wp-content\/uploads\/2024\/11\/ArchivoPublicidad_Artista04_Imagen.jpg\",\"datePublished\":\"2024-11-25T13:37:22+00:00\",\"dateModified\":\"2025-03-03T15:21:00+00:00\",\"breadcrumb\":{\"@id\":\"https:\/\/www.fu1838.org\/ca\/archivo-uriach\/enric-huguet-muixi\/#breadcrumb\"},\"inLanguage\":\"ca\",\"potentialAction\":[{\"@type\":\"ReadAction\",\"target\":[\"https:\/\/www.fu1838.org\/ca\/archivo-uriach\/enric-huguet-muixi\/\"]}]},{\"@type\":\"ImageObject\",\"inLanguage\":\"ca\",\"@id\":\"https:\/\/www.fu1838.org\/ca\/archivo-uriach\/enric-huguet-muixi\/#primaryimage\",\"url\":\"https:\/\/www.fu1838.org\/wp-content\/uploads\/2024\/11\/ArchivoPublicidad_Artista04_Imagen.jpg\",\"contentUrl\":\"https:\/\/www.fu1838.org\/wp-content\/uploads\/2024\/11\/ArchivoPublicidad_Artista04_Imagen.jpg\",\"width\":500,\"height\":614},{\"@type\":\"BreadcrumbList\",\"@id\":\"https:\/\/www.fu1838.org\/ca\/archivo-uriach\/enric-huguet-muixi\/#breadcrumb\",\"itemListElement\":[{\"@type\":\"ListItem\",\"position\":1,\"name\":\"Portada\",\"item\":\"https:\/\/www.fu1838.org\/ca\/\"},{\"@type\":\"ListItem\",\"position\":2,\"name\":\"Enric Huguet Muix\u00ed\"}]},{\"@type\":\"WebSite\",\"@id\":\"https:\/\/www.fu1838.org\/ca\/#website\",\"url\":\"https:\/\/www.fu1838.org\/ca\/\",\"name\":\"Fundaci\u00f3n Uriach\",\"description\":\"\",\"potentialAction\":[{\"@type\":\"SearchAction\",\"target\":{\"@type\":\"EntryPoint\",\"urlTemplate\":\"https:\/\/www.fu1838.org\/ca\/?s={search_term_string}\"},\"query-input\":{\"@type\":\"PropertyValueSpecification\",\"valueRequired\":true,\"valueName\":\"search_term_string\"}}],\"inLanguage\":\"ca\"}]}<\/script>\n<!-- \/ Yoast SEO plugin. -->","yoast_head_json":{"title":"Enric Huguet Muix\u00ed - Fundaci\u00f3n Uriach","robots":{"index":"index","follow":"follow","max-snippet":"max-snippet:-1","max-image-preview":"max-image-preview:large","max-video-preview":"max-video-preview:-1"},"canonical":"https:\/\/www.fu1838.org\/ca\/archivo-uriach\/enric-huguet-muixi\/","og_locale":"ca_ES","og_type":"article","og_title":"Enric Huguet Muix\u00ed - Fundaci\u00f3n Uriach","og_description":"Neix a Barcelona i entre 1942 i 1947 es forma a l\u2019Escola Oficial d\u2019Arts Aplicades de Barcelona. Posteriorment, el 1957, funda l\u2019Estudi Gr\u00e0fic Glosa, dedicat a la publicitat farmac\u00e8utica, en societat amb J.M. i E. Boada dins d\u2019Edicions Glosa. Forma part del grup fundador de Grafistes FAD, actualment ADG\/FAD, i el 1963 inicia la seva [&hellip;]","og_url":"https:\/\/www.fu1838.org\/ca\/archivo-uriach\/enric-huguet-muixi\/","og_site_name":"Fundaci\u00f3n Uriach","article_modified_time":"2025-03-03T15:21:00+00:00","og_image":[{"width":500,"height":614,"url":"https:\/\/www.fu1838.org\/wp-content\/uploads\/2024\/11\/ArchivoPublicidad_Artista04_Imagen.jpg","type":"image\/jpeg"}],"twitter_card":"summary_large_image","twitter_misc":{"Temps estimat de lectura":"1 minut"},"schema":{"@context":"https:\/\/schema.org","@graph":[{"@type":"WebPage","@id":"https:\/\/www.fu1838.org\/ca\/archivo-uriach\/enric-huguet-muixi\/","url":"https:\/\/www.fu1838.org\/ca\/archivo-uriach\/enric-huguet-muixi\/","name":"Enric Huguet Muix\u00ed - Fundaci\u00f3n Uriach","isPartOf":{"@id":"https:\/\/www.fu1838.org\/ca\/#website"},"primaryImageOfPage":{"@id":"https:\/\/www.fu1838.org\/ca\/archivo-uriach\/enric-huguet-muixi\/#primaryimage"},"image":{"@id":"https:\/\/www.fu1838.org\/ca\/archivo-uriach\/enric-huguet-muixi\/#primaryimage"},"thumbnailUrl":"https:\/\/www.fu1838.org\/wp-content\/uploads\/2024\/11\/ArchivoPublicidad_Artista04_Imagen.jpg","datePublished":"2024-11-25T13:37:22+00:00","dateModified":"2025-03-03T15:21:00+00:00","breadcrumb":{"@id":"https:\/\/www.fu1838.org\/ca\/archivo-uriach\/enric-huguet-muixi\/#breadcrumb"},"inLanguage":"ca","potentialAction":[{"@type":"ReadAction","target":["https:\/\/www.fu1838.org\/ca\/archivo-uriach\/enric-huguet-muixi\/"]}]},{"@type":"ImageObject","inLanguage":"ca","@id":"https:\/\/www.fu1838.org\/ca\/archivo-uriach\/enric-huguet-muixi\/#primaryimage","url":"https:\/\/www.fu1838.org\/wp-content\/uploads\/2024\/11\/ArchivoPublicidad_Artista04_Imagen.jpg","contentUrl":"https:\/\/www.fu1838.org\/wp-content\/uploads\/2024\/11\/ArchivoPublicidad_Artista04_Imagen.jpg","width":500,"height":614},{"@type":"BreadcrumbList","@id":"https:\/\/www.fu1838.org\/ca\/archivo-uriach\/enric-huguet-muixi\/#breadcrumb","itemListElement":[{"@type":"ListItem","position":1,"name":"Portada","item":"https:\/\/www.fu1838.org\/ca\/"},{"@type":"ListItem","position":2,"name":"Enric Huguet Muix\u00ed"}]},{"@type":"WebSite","@id":"https:\/\/www.fu1838.org\/ca\/#website","url":"https:\/\/www.fu1838.org\/ca\/","name":"Fundaci\u00f3n Uriach","description":"","potentialAction":[{"@type":"SearchAction","target":{"@type":"EntryPoint","urlTemplate":"https:\/\/www.fu1838.org\/ca\/?s={search_term_string}"},"query-input":{"@type":"PropertyValueSpecification","valueRequired":true,"valueName":"search_term_string"}}],"inLanguage":"ca"}]}},"_links":{"self":[{"href":"https:\/\/www.fu1838.org\/ca\/wp-json\/wp\/v2\/archivo-uriach\/7046","targetHints":{"allow":["GET"]}}],"collection":[{"href":"https:\/\/www.fu1838.org\/ca\/wp-json\/wp\/v2\/archivo-uriach"}],"about":[{"href":"https:\/\/www.fu1838.org\/ca\/wp-json\/wp\/v2\/types\/archivo-uriach"}],"wp:featuredmedia":[{"embeddable":true,"href":"https:\/\/www.fu1838.org\/ca\/wp-json\/wp\/v2\/media\/2067"}],"wp:attachment":[{"href":"https:\/\/www.fu1838.org\/ca\/wp-json\/wp\/v2\/media?parent=7046"}],"wp:term":[{"taxonomy":"categorias-archivo","embeddable":true,"href":"https:\/\/www.fu1838.org\/ca\/wp-json\/wp\/v2\/categorias-archivo?post=7046"}],"curies":[{"name":"wp","href":"https:\/\/api.w.org\/{rel}","templated":true}]}}

Enric Huguet Muixí

<p>Neix a Barcelona i entre 1942 i 1947 es forma a l’Escola Oficial d’Arts Aplicades de Barcelona. Posteriorment, el 1957, funda l’Estudi Gràfic Glosa, dedicat a la publicitat farmacèutica, en societat amb J.M. i E. Boada dins d’Edicions Glosa.</p>

<p>Forma part del grup fundador de Grafistes FAD, actualment ADG/FAD, i el 1963 inicia la seva trajectòria pedagògica com a professor de disseny a l’Escola Massana.</p>

<p>Entre 1972 i 1978 treballa per a diferents empreses, i el 1973 rep el Premi Laus per la col·lecció d’il·lustracions per als laboratoris Uriach.</p>

<p>La seva obra ha estat publicada en revistes i anuaris de països com Suïssa, Alemanya, Itàlia, França, el Japó i Espanya, i està exposada en el Museu d’Art Modern de Barcelona, el Museu del Cartell de Varsòvia, el Museu de Berlín i el Museu de Brno (República Txeca).</p>

<p></p>

<!-- This site is optimized with the Yoast SEO plugin v24.1 - https://yoast.com/wordpress/plugins/seo/ -->
<title>Enric Huguet Muixí - Fundación Uriach</title>
<meta name="robots" content="index, follow, max-snippet:-1, max-image-preview:large, max-video-preview:-1" />
<link rel="canonical" href="https://www.fu1838.org/ca/archivo-uriach/enric-huguet-muixi/" />
<meta property="og:locale" content="ca_ES" />
<meta property="og:type" content="article" />
<meta property="og:title" content="Enric Huguet Muixí - Fundación Uriach" />
<meta property="og:description" content="Neix a Barcelona i entre 1942 i 1947 es forma a l’Escola Oficial d’Arts Aplicades de Barcelona. Posteriorment, el 1957, funda l’Estudi Gràfic Glosa, dedicat a la publicitat farmacèutica, en societat amb J.M. i E. Boada dins d’Edicions Glosa. Forma part del grup fundador de Grafistes FAD, actualment ADG/FAD, i el 1963 inicia la seva [&hellip;]" />
<meta property="og:url" content="https://www.fu1838.org/ca/archivo-uriach/enric-huguet-muixi/" />
<meta property="og:site_name" content="Fundación Uriach" />
<meta property="article:modified_time" content="2025-03-03T15:21:00+00:00" />
<meta property="og:image" content="https://www.fu1838.org/wp-content/uploads/2024/11/ArchivoPublicidad_Artista04_Imagen.jpg" />
	<meta property="og:image:width" content="500" />
	<meta property="og:image:height" content="614" />
	<meta property="og:image:type" content="image/jpeg" />
<meta name="twitter:card" content="summary_large_image" />
<meta name="twitter:label1" content="Temps estimat de lectura" />
	<meta name="twitter:data1" content="1 minut" />
<script type="application/ld+json" class="yoast-schema-graph">{"@context":"https://schema.org","@graph":[{"@type":"WebPage","@id":"https://www.fu1838.org/ca/archivo-uriach/enric-huguet-muixi/","url":"https://www.fu1838.org/ca/archivo-uriach/enric-huguet-muixi/","name":"Enric Huguet Muixí - Fundación Uriach","isPartOf":{"@id":"https://www.fu1838.org/ca/#website"},"primaryImageOfPage":{"@id":"https://www.fu1838.org/ca/archivo-uriach/enric-huguet-muixi/#primaryimage"},"image":{"@id":"https://www.fu1838.org/ca/archivo-uriach/enric-huguet-muixi/#primaryimage"},"thumbnailUrl":"https://www.fu1838.org/wp-content/uploads/2024/11/ArchivoPublicidad_Artista04_Imagen.jpg","datePublished":"2024-11-25T13:37:22+00:00","dateModified":"2025-03-03T15:21:00+00:00","breadcrumb":{"@id":"https://www.fu1838.org/ca/archivo-uriach/enric-huguet-muixi/#breadcrumb"},"inLanguage":"ca","potentialAction":[{"@type":"ReadAction","target":["https://www.fu1838.org/ca/archivo-uriach/enric-huguet-muixi/"]}]},{"@type":"ImageObject","inLanguage":"ca","@id":"https://www.fu1838.org/ca/archivo-uriach/enric-huguet-muixi/#primaryimage","url":"https://www.fu1838.org/wp-content/uploads/2024/11/ArchivoPublicidad_Artista04_Imagen.jpg","contentUrl":"https://www.fu1838.org/wp-content/uploads/2024/11/ArchivoPublicidad_Artista04_Imagen.jpg","width":500,"height":614},{"@type":"BreadcrumbList","@id":"https://www.fu1838.org/ca/archivo-uriach/enric-huguet-muixi/#breadcrumb","itemListElement":[{"@type":"ListItem","position":1,"name":"Portada","item":"https://www.fu1838.org/ca/"},{"@type":"ListItem","position":2,"name":"Enric Huguet Muixí"}]},{"@type":"WebSite","@id":"https://www.fu1838.org/ca/#website","url":"https://www.fu1838.org/ca/","name":"Fundación Uriach","description":"","potentialAction":[{"@type":"SearchAction","target":{"@type":"EntryPoint","urlTemplate":"https://www.fu1838.org/ca/?s={search_term_string}"},"query-input":{"@type":"PropertyValueSpecification","valueRequired":true,"valueName":"search_term_string"}}],"inLanguage":"ca"}]}</script>
<!-- / Yoast SEO plugin. -->

Enric Huguet Muixí - Fundación Uriach

Neix a Barcelona i entre 1942 i 1947 es forma a l’Escola Oficial d’Arts Aplicades de Barcelona. Posteriorment, el 1957, funda l’Estudi Gràfic Glosa, dedicat a la publicitat farmacèutica, en societat amb J.M. i E. Boada dins d’Edicions Glosa. Forma part del grup fundador de Grafistes FAD, actualment ADG/FAD, i el 1963 inicia la seva [&hellip;]

Fundación Uriach
