{"id":7048,"date":"2024-11-25T14:30:53","date_gmt":"2024-11-25T13:30:53","guid":{"rendered":"https:\/\/www.fu1838.org\/archivo-uriach\/josep-pla-i-narbona\/"},"modified":"2025-03-03T16:22:42","modified_gmt":"2025-03-03T15:22:42","slug":"josep-pla-i-narbona","status":"publish","type":"archivo-uriach","link":"https:\/\/www.fu1838.org\/ca\/archivo-uriach\/josep-pla-i-narbona\/","title":{"rendered":"Josep Pla i Narbona"},"content":{"rendered":"\n<p>Neix a Barcelona i es forma a l&#8217;Escola d&#8217;Arts i Oficis de Barcelona (1945-48) amb Ricard F\u00e0bregas. Entre 1956 i 1958 treballa a Par\u00eds, i en tornar, apr\u00e8n les t\u00e8cniques del gravat al Conservatori de les Arts del Llibre amb Jaume Coscolla i Maria Josepa Col\u00f3n.<\/p>\n\n<p>Funda i dirigeix la revista Azimut (1966) i il\u00b7lustra, entre altres, obres d&#8217;Espriu, Foix, Sarsanedas, Felip Cid, Michaux, Argent\u00e9, Cela i D\u00e1maso Alonso; realitza tamb\u00e9 l\u2019escenografia de Les Mouches de Sartre.<\/p>\n\n<p>T\u00e9 obres exposades en museus com el Baltimore Museum of Art, el Muzeum Narodowe de Vars\u00f2via i el Museum of Modern Art de Nova York. Ha rebut una llarga llista de premis i reconeixements.<\/p>\n\n<p><\/p>\n","protected":false},"featured_media":1897,"template":"","meta":{"_acf_changed":false},"categorias-archivo":[59],"class_list":["post-7048","archivo-uriach","type-archivo-uriach","status-publish","has-post-thumbnail","hentry","categorias-archivo-publicitat"],"acf":[],"yoast_head":"<!-- This site is optimized with the Yoast SEO plugin v24.1 - https:\/\/yoast.com\/wordpress\/plugins\/seo\/ -->\n<title>Josep Pla i Narbona - Fundaci\u00f3n Uriach<\/title>\n<meta name=\"robots\" content=\"index, follow, max-snippet:-1, max-image-preview:large, max-video-preview:-1\" \/>\n<link rel=\"canonical\" href=\"https:\/\/www.fu1838.org\/ca\/archivo-uriach\/josep-pla-i-narbona\/\" \/>\n<meta property=\"og:locale\" content=\"ca_ES\" \/>\n<meta property=\"og:type\" content=\"article\" \/>\n<meta property=\"og:title\" content=\"Josep Pla i Narbona - Fundaci\u00f3n Uriach\" \/>\n<meta property=\"og:description\" content=\"Neix a Barcelona i es forma a l&#8217;Escola d&#8217;Arts i Oficis de Barcelona (1945-48) amb Ricard F\u00e0bregas. Entre 1956 i 1958 treballa a Par\u00eds, i en tornar, apr\u00e8n les t\u00e8cniques del gravat al Conservatori de les Arts del Llibre amb Jaume Coscolla i Maria Josepa Col\u00f3n. Funda i dirigeix la revista Azimut (1966) i il\u00b7lustra, [&hellip;]\" \/>\n<meta property=\"og:url\" content=\"https:\/\/www.fu1838.org\/ca\/archivo-uriach\/josep-pla-i-narbona\/\" \/>\n<meta property=\"og:site_name\" content=\"Fundaci\u00f3n Uriach\" \/>\n<meta property=\"article:modified_time\" content=\"2025-03-03T15:22:42+00:00\" \/>\n<meta property=\"og:image\" content=\"https:\/\/www.fu1838.org\/wp-content\/uploads\/2024\/11\/ArchivoPublicidad_Artista06_Imagen.jpg\" \/>\n\t<meta property=\"og:image:width\" content=\"500\" \/>\n\t<meta property=\"og:image:height\" content=\"614\" \/>\n\t<meta property=\"og:image:type\" content=\"image\/jpeg\" \/>\n<meta name=\"twitter:card\" content=\"summary_large_image\" \/>\n<meta name=\"twitter:label1\" content=\"Temps estimat de lectura\" \/>\n\t<meta name=\"twitter:data1\" content=\"1 minut\" \/>\n<script type=\"application\/ld+json\" class=\"yoast-schema-graph\">{\"@context\":\"https:\/\/schema.org\",\"@graph\":[{\"@type\":\"WebPage\",\"@id\":\"https:\/\/www.fu1838.org\/ca\/archivo-uriach\/josep-pla-i-narbona\/\",\"url\":\"https:\/\/www.fu1838.org\/ca\/archivo-uriach\/josep-pla-i-narbona\/\",\"name\":\"Josep Pla i Narbona - Fundaci\u00f3n Uriach\",\"isPartOf\":{\"@id\":\"https:\/\/www.fu1838.org\/ca\/#website\"},\"primaryImageOfPage\":{\"@id\":\"https:\/\/www.fu1838.org\/ca\/archivo-uriach\/josep-pla-i-narbona\/#primaryimage\"},\"image\":{\"@id\":\"https:\/\/www.fu1838.org\/ca\/archivo-uriach\/josep-pla-i-narbona\/#primaryimage\"},\"thumbnailUrl\":\"https:\/\/www.fu1838.org\/wp-content\/uploads\/2024\/11\/ArchivoPublicidad_Artista06_Imagen.jpg\",\"datePublished\":\"2024-11-25T13:30:53+00:00\",\"dateModified\":\"2025-03-03T15:22:42+00:00\",\"breadcrumb\":{\"@id\":\"https:\/\/www.fu1838.org\/ca\/archivo-uriach\/josep-pla-i-narbona\/#breadcrumb\"},\"inLanguage\":\"ca\",\"potentialAction\":[{\"@type\":\"ReadAction\",\"target\":[\"https:\/\/www.fu1838.org\/ca\/archivo-uriach\/josep-pla-i-narbona\/\"]}]},{\"@type\":\"ImageObject\",\"inLanguage\":\"ca\",\"@id\":\"https:\/\/www.fu1838.org\/ca\/archivo-uriach\/josep-pla-i-narbona\/#primaryimage\",\"url\":\"https:\/\/www.fu1838.org\/wp-content\/uploads\/2024\/11\/ArchivoPublicidad_Artista06_Imagen.jpg\",\"contentUrl\":\"https:\/\/www.fu1838.org\/wp-content\/uploads\/2024\/11\/ArchivoPublicidad_Artista06_Imagen.jpg\",\"width\":500,\"height\":614},{\"@type\":\"BreadcrumbList\",\"@id\":\"https:\/\/www.fu1838.org\/ca\/archivo-uriach\/josep-pla-i-narbona\/#breadcrumb\",\"itemListElement\":[{\"@type\":\"ListItem\",\"position\":1,\"name\":\"Portada\",\"item\":\"https:\/\/www.fu1838.org\/ca\/\"},{\"@type\":\"ListItem\",\"position\":2,\"name\":\"Josep Pla i Narbona\"}]},{\"@type\":\"WebSite\",\"@id\":\"https:\/\/www.fu1838.org\/ca\/#website\",\"url\":\"https:\/\/www.fu1838.org\/ca\/\",\"name\":\"Fundaci\u00f3n Uriach\",\"description\":\"\",\"potentialAction\":[{\"@type\":\"SearchAction\",\"target\":{\"@type\":\"EntryPoint\",\"urlTemplate\":\"https:\/\/www.fu1838.org\/ca\/?s={search_term_string}\"},\"query-input\":{\"@type\":\"PropertyValueSpecification\",\"valueRequired\":true,\"valueName\":\"search_term_string\"}}],\"inLanguage\":\"ca\"}]}<\/script>\n<!-- \/ Yoast SEO plugin. -->","yoast_head_json":{"title":"Josep Pla i Narbona - Fundaci\u00f3n Uriach","robots":{"index":"index","follow":"follow","max-snippet":"max-snippet:-1","max-image-preview":"max-image-preview:large","max-video-preview":"max-video-preview:-1"},"canonical":"https:\/\/www.fu1838.org\/ca\/archivo-uriach\/josep-pla-i-narbona\/","og_locale":"ca_ES","og_type":"article","og_title":"Josep Pla i Narbona - Fundaci\u00f3n Uriach","og_description":"Neix a Barcelona i es forma a l&#8217;Escola d&#8217;Arts i Oficis de Barcelona (1945-48) amb Ricard F\u00e0bregas. Entre 1956 i 1958 treballa a Par\u00eds, i en tornar, apr\u00e8n les t\u00e8cniques del gravat al Conservatori de les Arts del Llibre amb Jaume Coscolla i Maria Josepa Col\u00f3n. Funda i dirigeix la revista Azimut (1966) i il\u00b7lustra, [&hellip;]","og_url":"https:\/\/www.fu1838.org\/ca\/archivo-uriach\/josep-pla-i-narbona\/","og_site_name":"Fundaci\u00f3n Uriach","article_modified_time":"2025-03-03T15:22:42+00:00","og_image":[{"width":500,"height":614,"url":"https:\/\/www.fu1838.org\/wp-content\/uploads\/2024\/11\/ArchivoPublicidad_Artista06_Imagen.jpg","type":"image\/jpeg"}],"twitter_card":"summary_large_image","twitter_misc":{"Temps estimat de lectura":"1 minut"},"schema":{"@context":"https:\/\/schema.org","@graph":[{"@type":"WebPage","@id":"https:\/\/www.fu1838.org\/ca\/archivo-uriach\/josep-pla-i-narbona\/","url":"https:\/\/www.fu1838.org\/ca\/archivo-uriach\/josep-pla-i-narbona\/","name":"Josep Pla i Narbona - Fundaci\u00f3n Uriach","isPartOf":{"@id":"https:\/\/www.fu1838.org\/ca\/#website"},"primaryImageOfPage":{"@id":"https:\/\/www.fu1838.org\/ca\/archivo-uriach\/josep-pla-i-narbona\/#primaryimage"},"image":{"@id":"https:\/\/www.fu1838.org\/ca\/archivo-uriach\/josep-pla-i-narbona\/#primaryimage"},"thumbnailUrl":"https:\/\/www.fu1838.org\/wp-content\/uploads\/2024\/11\/ArchivoPublicidad_Artista06_Imagen.jpg","datePublished":"2024-11-25T13:30:53+00:00","dateModified":"2025-03-03T15:22:42+00:00","breadcrumb":{"@id":"https:\/\/www.fu1838.org\/ca\/archivo-uriach\/josep-pla-i-narbona\/#breadcrumb"},"inLanguage":"ca","potentialAction":[{"@type":"ReadAction","target":["https:\/\/www.fu1838.org\/ca\/archivo-uriach\/josep-pla-i-narbona\/"]}]},{"@type":"ImageObject","inLanguage":"ca","@id":"https:\/\/www.fu1838.org\/ca\/archivo-uriach\/josep-pla-i-narbona\/#primaryimage","url":"https:\/\/www.fu1838.org\/wp-content\/uploads\/2024\/11\/ArchivoPublicidad_Artista06_Imagen.jpg","contentUrl":"https:\/\/www.fu1838.org\/wp-content\/uploads\/2024\/11\/ArchivoPublicidad_Artista06_Imagen.jpg","width":500,"height":614},{"@type":"BreadcrumbList","@id":"https:\/\/www.fu1838.org\/ca\/archivo-uriach\/josep-pla-i-narbona\/#breadcrumb","itemListElement":[{"@type":"ListItem","position":1,"name":"Portada","item":"https:\/\/www.fu1838.org\/ca\/"},{"@type":"ListItem","position":2,"name":"Josep Pla i Narbona"}]},{"@type":"WebSite","@id":"https:\/\/www.fu1838.org\/ca\/#website","url":"https:\/\/www.fu1838.org\/ca\/","name":"Fundaci\u00f3n Uriach","description":"","potentialAction":[{"@type":"SearchAction","target":{"@type":"EntryPoint","urlTemplate":"https:\/\/www.fu1838.org\/ca\/?s={search_term_string}"},"query-input":{"@type":"PropertyValueSpecification","valueRequired":true,"valueName":"search_term_string"}}],"inLanguage":"ca"}]}},"_links":{"self":[{"href":"https:\/\/www.fu1838.org\/ca\/wp-json\/wp\/v2\/archivo-uriach\/7048","targetHints":{"allow":["GET"]}}],"collection":[{"href":"https:\/\/www.fu1838.org\/ca\/wp-json\/wp\/v2\/archivo-uriach"}],"about":[{"href":"https:\/\/www.fu1838.org\/ca\/wp-json\/wp\/v2\/types\/archivo-uriach"}],"wp:featuredmedia":[{"embeddable":true,"href":"https:\/\/www.fu1838.org\/ca\/wp-json\/wp\/v2\/media\/1897"}],"wp:attachment":[{"href":"https:\/\/www.fu1838.org\/ca\/wp-json\/wp\/v2\/media?parent=7048"}],"wp:term":[{"taxonomy":"categorias-archivo","embeddable":true,"href":"https:\/\/www.fu1838.org\/ca\/wp-json\/wp\/v2\/categorias-archivo?post=7048"}],"curies":[{"name":"wp","href":"https:\/\/api.w.org\/{rel}","templated":true}]}}

<p>Neix a Barcelona i es forma a l&#8217;Escola d&#8217;Arts i Oficis de Barcelona (1945-48) amb Ricard Fàbregas. Entre 1956 i 1958 treballa a París, i en tornar, aprèn les tècniques del gravat al Conservatori de les Arts del Llibre amb Jaume Coscolla i Maria Josepa Colón.</p>

<p>Funda i dirigeix la revista Azimut (1966) i il·lustra, entre altres, obres d&#8217;Espriu, Foix, Sarsanedas, Felip Cid, Michaux, Argenté, Cela i Dámaso Alonso; realitza també l’escenografia de Les Mouches de Sartre.</p>

<p>Té obres exposades en museus com el Baltimore Museum of Art, el Muzeum Narodowe de Varsòvia i el Museum of Modern Art de Nova York. Ha rebut una llarga llista de premis i reconeixements.</p>

<p></p>

<!-- This site is optimized with the Yoast SEO plugin v24.1 - https://yoast.com/wordpress/plugins/seo/ -->
<title>Josep Pla i Narbona - Fundación Uriach</title>
<meta name="robots" content="index, follow, max-snippet:-1, max-image-preview:large, max-video-preview:-1" />
<link rel="canonical" href="https://www.fu1838.org/ca/archivo-uriach/josep-pla-i-narbona/" />
<meta property="og:locale" content="ca_ES" />
<meta property="og:type" content="article" />
<meta property="og:title" content="Josep Pla i Narbona - Fundación Uriach" />
<meta property="og:description" content="Neix a Barcelona i es forma a l&#8217;Escola d&#8217;Arts i Oficis de Barcelona (1945-48) amb Ricard Fàbregas. Entre 1956 i 1958 treballa a París, i en tornar, aprèn les tècniques del gravat al Conservatori de les Arts del Llibre amb Jaume Coscolla i Maria Josepa Colón. Funda i dirigeix la revista Azimut (1966) i il·lustra, [&hellip;]" />
<meta property="og:url" content="https://www.fu1838.org/ca/archivo-uriach/josep-pla-i-narbona/" />
<meta property="og:site_name" content="Fundación Uriach" />
<meta property="article:modified_time" content="2025-03-03T15:22:42+00:00" />
<meta property="og:image" content="https://www.fu1838.org/wp-content/uploads/2024/11/ArchivoPublicidad_Artista06_Imagen.jpg" />
	<meta property="og:image:width" content="500" />
	<meta property="og:image:height" content="614" />
	<meta property="og:image:type" content="image/jpeg" />
<meta name="twitter:card" content="summary_large_image" />
<meta name="twitter:label1" content="Temps estimat de lectura" />
	<meta name="twitter:data1" content="1 minut" />
<script type="application/ld+json" class="yoast-schema-graph">{"@context":"https://schema.org","@graph":[{"@type":"WebPage","@id":"https://www.fu1838.org/ca/archivo-uriach/josep-pla-i-narbona/","url":"https://www.fu1838.org/ca/archivo-uriach/josep-pla-i-narbona/","name":"Josep Pla i Narbona - Fundación Uriach","isPartOf":{"@id":"https://www.fu1838.org/ca/#website"},"primaryImageOfPage":{"@id":"https://www.fu1838.org/ca/archivo-uriach/josep-pla-i-narbona/#primaryimage"},"image":{"@id":"https://www.fu1838.org/ca/archivo-uriach/josep-pla-i-narbona/#primaryimage"},"thumbnailUrl":"https://www.fu1838.org/wp-content/uploads/2024/11/ArchivoPublicidad_Artista06_Imagen.jpg","datePublished":"2024-11-25T13:30:53+00:00","dateModified":"2025-03-03T15:22:42+00:00","breadcrumb":{"@id":"https://www.fu1838.org/ca/archivo-uriach/josep-pla-i-narbona/#breadcrumb"},"inLanguage":"ca","potentialAction":[{"@type":"ReadAction","target":["https://www.fu1838.org/ca/archivo-uriach/josep-pla-i-narbona/"]}]},{"@type":"ImageObject","inLanguage":"ca","@id":"https://www.fu1838.org/ca/archivo-uriach/josep-pla-i-narbona/#primaryimage","url":"https://www.fu1838.org/wp-content/uploads/2024/11/ArchivoPublicidad_Artista06_Imagen.jpg","contentUrl":"https://www.fu1838.org/wp-content/uploads/2024/11/ArchivoPublicidad_Artista06_Imagen.jpg","width":500,"height":614},{"@type":"BreadcrumbList","@id":"https://www.fu1838.org/ca/archivo-uriach/josep-pla-i-narbona/#breadcrumb","itemListElement":[{"@type":"ListItem","position":1,"name":"Portada","item":"https://www.fu1838.org/ca/"},{"@type":"ListItem","position":2,"name":"Josep Pla i Narbona"}]},{"@type":"WebSite","@id":"https://www.fu1838.org/ca/#website","url":"https://www.fu1838.org/ca/","name":"Fundación Uriach","description":"","potentialAction":[{"@type":"SearchAction","target":{"@type":"EntryPoint","urlTemplate":"https://www.fu1838.org/ca/?s={search_term_string}"},"query-input":{"@type":"PropertyValueSpecification","valueRequired":true,"valueName":"search_term_string"}}],"inLanguage":"ca"}]}</script>
<!-- / Yoast SEO plugin. -->

Josep Pla i Narbona - Fundación Uriach

Neix a Barcelona i es forma a l&#8217;Escola d&#8217;Arts i Oficis de Barcelona (1945-48) amb Ricard Fàbregas. Entre 1956 i 1958 treballa a París, i en tornar, aprèn les tècniques del gravat al Conservatori de les Arts del Llibre amb Jaume Coscolla i Maria Josepa Colón. Funda i dirigeix la revista Azimut (1966) i il·lustra, [&hellip;]

Fundación Uriach
