{"id":7174,"date":"2024-11-26T11:17:48","date_gmt":"2024-11-26T10:17:48","guid":{"rendered":"https:\/\/www.fu1838.org\/archivo-uriach\/j-uriach-cia-passat-present-i-futur\/"},"modified":"2025-03-06T17:53:00","modified_gmt":"2025-03-06T16:53:00","slug":"j-uriach-cia-passat-present-i-futur","status":"publish","type":"archivo-uriach","link":"https:\/\/www.fu1838.org\/ca\/archivo-uriach\/j-uriach-cia-passat-present-i-futur\/","title":{"rendered":"J. Uriach &#038; Cia. Passat, present i futur"},"content":{"rendered":"\n<p>Petit extracte del v\u00eddeo corporatiu d\u2019Uriach, realitzat l\u2019any 1970, en qu\u00e8 s\u2019observen alguns dels departaments i processos de fabricaci\u00f3 i venda de la companyia en aquella \u00e8poca. Al v\u00eddeo apareixen figures tan destacades de la companyia com el Sr. Joan Uriach Tey i el seu fill, el Dr. Joan Uriach i Marsal, entre d\u2019altres.<\/p>\n","protected":false},"featured_media":0,"template":"","meta":{"_acf_changed":false},"categorias-archivo":[69,61],"class_list":["post-7174","archivo-uriach","type-archivo-uriach","status-publish","hentry","categorias-archivo-audiovisuals","categorias-archivo-mes-colleccions"],"acf":[],"yoast_head":"<!-- This site is optimized with the Yoast SEO plugin v24.1 - https:\/\/yoast.com\/wordpress\/plugins\/seo\/ -->\n<title>J. Uriach &amp; Cia. Passat, present i futur - Fundaci\u00f3n Uriach<\/title>\n<meta name=\"robots\" content=\"index, follow, max-snippet:-1, max-image-preview:large, max-video-preview:-1\" \/>\n<link rel=\"canonical\" href=\"https:\/\/www.fu1838.org\/ca\/archivo-uriach\/j-uriach-cia-passat-present-i-futur\/\" \/>\n<meta property=\"og:locale\" content=\"ca_ES\" \/>\n<meta property=\"og:type\" content=\"article\" \/>\n<meta property=\"og:title\" content=\"J. Uriach &amp; Cia. Passat, present i futur - Fundaci\u00f3n Uriach\" \/>\n<meta property=\"og:description\" content=\"Petit extracte del v\u00eddeo corporatiu d\u2019Uriach, realitzat l\u2019any 1970, en qu\u00e8 s\u2019observen alguns dels departaments i processos de fabricaci\u00f3 i venda de la companyia en aquella \u00e8poca. Al v\u00eddeo apareixen figures tan destacades de la companyia com el Sr. Joan Uriach Tey i el seu fill, el Dr. Joan Uriach i Marsal, entre d\u2019altres.\" \/>\n<meta property=\"og:url\" content=\"https:\/\/www.fu1838.org\/ca\/archivo-uriach\/j-uriach-cia-passat-present-i-futur\/\" \/>\n<meta property=\"og:site_name\" content=\"Fundaci\u00f3n Uriach\" \/>\n<meta property=\"article:modified_time\" content=\"2025-03-06T16:53:00+00:00\" \/>\n<meta name=\"twitter:card\" content=\"summary_large_image\" \/>\n<script type=\"application\/ld+json\" class=\"yoast-schema-graph\">{\"@context\":\"https:\/\/schema.org\",\"@graph\":[{\"@type\":\"WebPage\",\"@id\":\"https:\/\/www.fu1838.org\/ca\/archivo-uriach\/j-uriach-cia-passat-present-i-futur\/\",\"url\":\"https:\/\/www.fu1838.org\/ca\/archivo-uriach\/j-uriach-cia-passat-present-i-futur\/\",\"name\":\"J. Uriach & Cia. Passat, present i futur - Fundaci\u00f3n Uriach\",\"isPartOf\":{\"@id\":\"https:\/\/www.fu1838.org\/ca\/#website\"},\"datePublished\":\"2024-11-26T10:17:48+00:00\",\"dateModified\":\"2025-03-06T16:53:00+00:00\",\"breadcrumb\":{\"@id\":\"https:\/\/www.fu1838.org\/ca\/archivo-uriach\/j-uriach-cia-passat-present-i-futur\/#breadcrumb\"},\"inLanguage\":\"ca\",\"potentialAction\":[{\"@type\":\"ReadAction\",\"target\":[\"https:\/\/www.fu1838.org\/ca\/archivo-uriach\/j-uriach-cia-passat-present-i-futur\/\"]}]},{\"@type\":\"BreadcrumbList\",\"@id\":\"https:\/\/www.fu1838.org\/ca\/archivo-uriach\/j-uriach-cia-passat-present-i-futur\/#breadcrumb\",\"itemListElement\":[{\"@type\":\"ListItem\",\"position\":1,\"name\":\"Portada\",\"item\":\"https:\/\/www.fu1838.org\/ca\/\"},{\"@type\":\"ListItem\",\"position\":2,\"name\":\"J. Uriach &#038; Cia. Passat, present i futur\"}]},{\"@type\":\"WebSite\",\"@id\":\"https:\/\/www.fu1838.org\/ca\/#website\",\"url\":\"https:\/\/www.fu1838.org\/ca\/\",\"name\":\"Fundaci\u00f3n Uriach\",\"description\":\"\",\"potentialAction\":[{\"@type\":\"SearchAction\",\"target\":{\"@type\":\"EntryPoint\",\"urlTemplate\":\"https:\/\/www.fu1838.org\/ca\/?s={search_term_string}\"},\"query-input\":{\"@type\":\"PropertyValueSpecification\",\"valueRequired\":true,\"valueName\":\"search_term_string\"}}],\"inLanguage\":\"ca\"}]}<\/script>\n<!-- \/ Yoast SEO plugin. -->","yoast_head_json":{"title":"J. Uriach & Cia. Passat, present i futur - Fundaci\u00f3n Uriach","robots":{"index":"index","follow":"follow","max-snippet":"max-snippet:-1","max-image-preview":"max-image-preview:large","max-video-preview":"max-video-preview:-1"},"canonical":"https:\/\/www.fu1838.org\/ca\/archivo-uriach\/j-uriach-cia-passat-present-i-futur\/","og_locale":"ca_ES","og_type":"article","og_title":"J. Uriach & Cia. Passat, present i futur - Fundaci\u00f3n Uriach","og_description":"Petit extracte del v\u00eddeo corporatiu d\u2019Uriach, realitzat l\u2019any 1970, en qu\u00e8 s\u2019observen alguns dels departaments i processos de fabricaci\u00f3 i venda de la companyia en aquella \u00e8poca. Al v\u00eddeo apareixen figures tan destacades de la companyia com el Sr. Joan Uriach Tey i el seu fill, el Dr. Joan Uriach i Marsal, entre d\u2019altres.","og_url":"https:\/\/www.fu1838.org\/ca\/archivo-uriach\/j-uriach-cia-passat-present-i-futur\/","og_site_name":"Fundaci\u00f3n Uriach","article_modified_time":"2025-03-06T16:53:00+00:00","twitter_card":"summary_large_image","schema":{"@context":"https:\/\/schema.org","@graph":[{"@type":"WebPage","@id":"https:\/\/www.fu1838.org\/ca\/archivo-uriach\/j-uriach-cia-passat-present-i-futur\/","url":"https:\/\/www.fu1838.org\/ca\/archivo-uriach\/j-uriach-cia-passat-present-i-futur\/","name":"J. Uriach & Cia. Passat, present i futur - Fundaci\u00f3n Uriach","isPartOf":{"@id":"https:\/\/www.fu1838.org\/ca\/#website"},"datePublished":"2024-11-26T10:17:48+00:00","dateModified":"2025-03-06T16:53:00+00:00","breadcrumb":{"@id":"https:\/\/www.fu1838.org\/ca\/archivo-uriach\/j-uriach-cia-passat-present-i-futur\/#breadcrumb"},"inLanguage":"ca","potentialAction":[{"@type":"ReadAction","target":["https:\/\/www.fu1838.org\/ca\/archivo-uriach\/j-uriach-cia-passat-present-i-futur\/"]}]},{"@type":"BreadcrumbList","@id":"https:\/\/www.fu1838.org\/ca\/archivo-uriach\/j-uriach-cia-passat-present-i-futur\/#breadcrumb","itemListElement":[{"@type":"ListItem","position":1,"name":"Portada","item":"https:\/\/www.fu1838.org\/ca\/"},{"@type":"ListItem","position":2,"name":"J. Uriach &#038; Cia. Passat, present i futur"}]},{"@type":"WebSite","@id":"https:\/\/www.fu1838.org\/ca\/#website","url":"https:\/\/www.fu1838.org\/ca\/","name":"Fundaci\u00f3n Uriach","description":"","potentialAction":[{"@type":"SearchAction","target":{"@type":"EntryPoint","urlTemplate":"https:\/\/www.fu1838.org\/ca\/?s={search_term_string}"},"query-input":{"@type":"PropertyValueSpecification","valueRequired":true,"valueName":"search_term_string"}}],"inLanguage":"ca"}]}},"_links":{"self":[{"href":"https:\/\/www.fu1838.org\/ca\/wp-json\/wp\/v2\/archivo-uriach\/7174","targetHints":{"allow":["GET"]}}],"collection":[{"href":"https:\/\/www.fu1838.org\/ca\/wp-json\/wp\/v2\/archivo-uriach"}],"about":[{"href":"https:\/\/www.fu1838.org\/ca\/wp-json\/wp\/v2\/types\/archivo-uriach"}],"wp:attachment":[{"href":"https:\/\/www.fu1838.org\/ca\/wp-json\/wp\/v2\/media?parent=7174"}],"wp:term":[{"taxonomy":"categorias-archivo","embeddable":true,"href":"https:\/\/www.fu1838.org\/ca\/wp-json\/wp\/v2\/categorias-archivo?post=7174"}],"curies":[{"name":"wp","href":"https:\/\/api.w.org\/{rel}","templated":true}]}}

<p>Petit extracte del vídeo corporatiu d’Uriach, realitzat l’any 1970, en què s’observen alguns dels departaments i processos de fabricació i venda de la companyia en aquella època. Al vídeo apareixen figures tan destacades de la companyia com el Sr. Joan Uriach Tey i el seu fill, el Dr. Joan Uriach i Marsal, entre d’altres.</p>

<!-- This site is optimized with the Yoast SEO plugin v24.1 - https://yoast.com/wordpress/plugins/seo/ -->
<title>J. Uriach &amp; Cia. Passat, present i futur - Fundación Uriach</title>
<meta name="robots" content="index, follow, max-snippet:-1, max-image-preview:large, max-video-preview:-1" />
<link rel="canonical" href="https://www.fu1838.org/ca/archivo-uriach/j-uriach-cia-passat-present-i-futur/" />
<meta property="og:locale" content="ca_ES" />
<meta property="og:type" content="article" />
<meta property="og:title" content="J. Uriach &amp; Cia. Passat, present i futur - Fundación Uriach" />
<meta property="og:description" content="Petit extracte del vídeo corporatiu d’Uriach, realitzat l’any 1970, en què s’observen alguns dels departaments i processos de fabricació i venda de la companyia en aquella època. Al vídeo apareixen figures tan destacades de la companyia com el Sr. Joan Uriach Tey i el seu fill, el Dr. Joan Uriach i Marsal, entre d’altres." />
<meta property="og:url" content="https://www.fu1838.org/ca/archivo-uriach/j-uriach-cia-passat-present-i-futur/" />
<meta property="og:site_name" content="Fundación Uriach" />
<meta property="article:modified_time" content="2025-03-06T16:53:00+00:00" />
<meta name="twitter:card" content="summary_large_image" />
<script type="application/ld+json" class="yoast-schema-graph">{"@context":"https://schema.org","@graph":[{"@type":"WebPage","@id":"https://www.fu1838.org/ca/archivo-uriach/j-uriach-cia-passat-present-i-futur/","url":"https://www.fu1838.org/ca/archivo-uriach/j-uriach-cia-passat-present-i-futur/","name":"J. Uriach & Cia. Passat, present i futur - Fundación Uriach","isPartOf":{"@id":"https://www.fu1838.org/ca/#website"},"datePublished":"2024-11-26T10:17:48+00:00","dateModified":"2025-03-06T16:53:00+00:00","breadcrumb":{"@id":"https://www.fu1838.org/ca/archivo-uriach/j-uriach-cia-passat-present-i-futur/#breadcrumb"},"inLanguage":"ca","potentialAction":[{"@type":"ReadAction","target":["https://www.fu1838.org/ca/archivo-uriach/j-uriach-cia-passat-present-i-futur/"]}]},{"@type":"BreadcrumbList","@id":"https://www.fu1838.org/ca/archivo-uriach/j-uriach-cia-passat-present-i-futur/#breadcrumb","itemListElement":[{"@type":"ListItem","position":1,"name":"Portada","item":"https://www.fu1838.org/ca/"},{"@type":"ListItem","position":2,"name":"J. Uriach &#038; Cia. Passat, present i futur"}]},{"@type":"WebSite","@id":"https://www.fu1838.org/ca/#website","url":"https://www.fu1838.org/ca/","name":"Fundación Uriach","description":"","potentialAction":[{"@type":"SearchAction","target":{"@type":"EntryPoint","urlTemplate":"https://www.fu1838.org/ca/?s={search_term_string}"},"query-input":{"@type":"PropertyValueSpecification","valueRequired":true,"valueName":"search_term_string"}}],"inLanguage":"ca"}]}</script>
<!-- / Yoast SEO plugin. -->

J. Uriach & Cia. Passat, present i futur - Fundación Uriach

Petit extracte del vídeo corporatiu d’Uriach, realitzat l’any 1970, en què s’observen alguns dels departaments i processos de fabricació i venda de la companyia en aquella època. Al vídeo apareixen figures tan destacades de la companyia com el Sr. Joan Uriach Tey i el seu fill, el Dr. Joan Uriach i Marsal, entre d’altres.

Fundación Uriach
