{"id":6990,"date":"2024-11-20T12:09:12","date_gmt":"2024-11-20T11:09:12","guid":{"rendered":"https:\/\/www.fu1838.org\/exposiciones\/els-laboratoris-uriach-al-camp-de-larpa\/"},"modified":"2025-03-03T14:13:32","modified_gmt":"2025-03-03T13:13:32","slug":"els-laboratoris-uriach-al-camp-de-larpa","status":"publish","type":"exposiciones","link":"https:\/\/www.fu1838.org\/ca\/exposiciones\/els-laboratoris-uriach-al-camp-de-larpa\/","title":{"rendered":"Els laboratoris Uriach al Camp de l\u2019Arpa"},"content":{"rendered":"\n<p>La Fundaci\u00f3 Uriach organitza una exposici\u00f3 a l\u2019Espai Antoni Mir\u00f3 Peris, al barri del Clot-Camp de l\u2019Arpa de Barcelona, on els Laboratoris Uriach van estar ubicats durant m\u00e9s de 100 anys. Aquesta exposici\u00f3 d\u00f3na a con\u00e8ixer part de la hist\u00f2ria industrial del barri i contribueix a recuperar la mem\u00f2ria dels ve\u00efns que van treballar en aquesta empresa familiar.<\/p>\n\n<p>A la mostra es poden veure fotografies d\u2019autors tan destacats com Agust\u00ed Centelles i Francesc Catal\u00e0-Roca, qui van treballar per a Uriach fotografiant les seves instal\u00b7lacions i treballadors, aix\u00ed com cartells publicitaris antics de productes que van ser produ\u00efts pels laboratoris al llarg del segle XX.<\/p>\n","protected":false},"featured_media":1077,"template":"","meta":{"_acf_changed":false},"class_list":["post-6990","exposiciones","type-exposiciones","status-publish","has-post-thumbnail","hentry"],"acf":[],"yoast_head":"<!-- This site is optimized with the Yoast SEO plugin v24.1 - https:\/\/yoast.com\/wordpress\/plugins\/seo\/ -->\n<title>Els laboratoris Uriach al Camp de l\u2019Arpa - Fundaci\u00f3n Uriach<\/title>\n<meta name=\"robots\" content=\"index, follow, max-snippet:-1, max-image-preview:large, max-video-preview:-1\" \/>\n<link rel=\"canonical\" href=\"https:\/\/www.fu1838.org\/ca\/exposiciones\/els-laboratoris-uriach-al-camp-de-larpa\/\" \/>\n<meta property=\"og:locale\" content=\"ca_ES\" \/>\n<meta property=\"og:type\" content=\"article\" \/>\n<meta property=\"og:title\" content=\"Els laboratoris Uriach al Camp de l\u2019Arpa - Fundaci\u00f3n Uriach\" \/>\n<meta property=\"og:description\" content=\"La Fundaci\u00f3 Uriach organitza una exposici\u00f3 a l\u2019Espai Antoni Mir\u00f3 Peris, al barri del Clot-Camp de l\u2019Arpa de Barcelona, on els Laboratoris Uriach van estar ubicats durant m\u00e9s de 100 anys. Aquesta exposici\u00f3 d\u00f3na a con\u00e8ixer part de la hist\u00f2ria industrial del barri i contribueix a recuperar la mem\u00f2ria dels ve\u00efns que van treballar en [&hellip;]\" \/>\n<meta property=\"og:url\" content=\"https:\/\/www.fu1838.org\/ca\/exposiciones\/els-laboratoris-uriach-al-camp-de-larpa\/\" \/>\n<meta property=\"og:site_name\" content=\"Fundaci\u00f3n Uriach\" \/>\n<meta property=\"article:modified_time\" content=\"2025-03-03T13:13:32+00:00\" \/>\n<meta property=\"og:image\" content=\"https:\/\/www.fu1838.org\/wp-content\/uploads\/2024\/11\/Laboratorios-UriachCampArpa_ImagenPrincipal.jpg\" \/>\n\t<meta property=\"og:image:width\" content=\"2304\" \/>\n\t<meta property=\"og:image:height\" content=\"1728\" \/>\n\t<meta property=\"og:image:type\" content=\"image\/jpeg\" \/>\n<meta name=\"twitter:card\" content=\"summary_large_image\" \/>\n<meta name=\"twitter:label1\" content=\"Temps estimat de lectura\" \/>\n\t<meta name=\"twitter:data1\" content=\"1 minut\" \/>\n<script type=\"application\/ld+json\" class=\"yoast-schema-graph\">{\"@context\":\"https:\/\/schema.org\",\"@graph\":[{\"@type\":\"WebPage\",\"@id\":\"https:\/\/www.fu1838.org\/ca\/exposiciones\/els-laboratoris-uriach-al-camp-de-larpa\/\",\"url\":\"https:\/\/www.fu1838.org\/ca\/exposiciones\/els-laboratoris-uriach-al-camp-de-larpa\/\",\"name\":\"Els laboratoris Uriach al Camp de l\u2019Arpa - Fundaci\u00f3n Uriach\",\"isPartOf\":{\"@id\":\"https:\/\/www.fu1838.org\/ca\/#website\"},\"primaryImageOfPage\":{\"@id\":\"https:\/\/www.fu1838.org\/ca\/exposiciones\/els-laboratoris-uriach-al-camp-de-larpa\/#primaryimage\"},\"image\":{\"@id\":\"https:\/\/www.fu1838.org\/ca\/exposiciones\/els-laboratoris-uriach-al-camp-de-larpa\/#primaryimage\"},\"thumbnailUrl\":\"https:\/\/www.fu1838.org\/wp-content\/uploads\/2024\/11\/Laboratorios-UriachCampArpa_ImagenPrincipal.jpg\",\"datePublished\":\"2024-11-20T11:09:12+00:00\",\"dateModified\":\"2025-03-03T13:13:32+00:00\",\"breadcrumb\":{\"@id\":\"https:\/\/www.fu1838.org\/ca\/exposiciones\/els-laboratoris-uriach-al-camp-de-larpa\/#breadcrumb\"},\"inLanguage\":\"ca\",\"potentialAction\":[{\"@type\":\"ReadAction\",\"target\":[\"https:\/\/www.fu1838.org\/ca\/exposiciones\/els-laboratoris-uriach-al-camp-de-larpa\/\"]}]},{\"@type\":\"ImageObject\",\"inLanguage\":\"ca\",\"@id\":\"https:\/\/www.fu1838.org\/ca\/exposiciones\/els-laboratoris-uriach-al-camp-de-larpa\/#primaryimage\",\"url\":\"https:\/\/www.fu1838.org\/wp-content\/uploads\/2024\/11\/Laboratorios-UriachCampArpa_ImagenPrincipal.jpg\",\"contentUrl\":\"https:\/\/www.fu1838.org\/wp-content\/uploads\/2024\/11\/Laboratorios-UriachCampArpa_ImagenPrincipal.jpg\",\"width\":2304,\"height\":1728},{\"@type\":\"BreadcrumbList\",\"@id\":\"https:\/\/www.fu1838.org\/ca\/exposiciones\/els-laboratoris-uriach-al-camp-de-larpa\/#breadcrumb\",\"itemListElement\":[{\"@type\":\"ListItem\",\"position\":1,\"name\":\"Portada\",\"item\":\"https:\/\/www.fu1838.org\/ca\/\"},{\"@type\":\"ListItem\",\"position\":2,\"name\":\"Els laboratoris Uriach al Camp de l\u2019Arpa\"}]},{\"@type\":\"WebSite\",\"@id\":\"https:\/\/www.fu1838.org\/ca\/#website\",\"url\":\"https:\/\/www.fu1838.org\/ca\/\",\"name\":\"Fundaci\u00f3n Uriach\",\"description\":\"\",\"potentialAction\":[{\"@type\":\"SearchAction\",\"target\":{\"@type\":\"EntryPoint\",\"urlTemplate\":\"https:\/\/www.fu1838.org\/ca\/?s={search_term_string}\"},\"query-input\":{\"@type\":\"PropertyValueSpecification\",\"valueRequired\":true,\"valueName\":\"search_term_string\"}}],\"inLanguage\":\"ca\"}]}<\/script>\n<!-- \/ Yoast SEO plugin. -->","yoast_head_json":{"title":"Els laboratoris Uriach al Camp de l\u2019Arpa - Fundaci\u00f3n Uriach","robots":{"index":"index","follow":"follow","max-snippet":"max-snippet:-1","max-image-preview":"max-image-preview:large","max-video-preview":"max-video-preview:-1"},"canonical":"https:\/\/www.fu1838.org\/ca\/exposiciones\/els-laboratoris-uriach-al-camp-de-larpa\/","og_locale":"ca_ES","og_type":"article","og_title":"Els laboratoris Uriach al Camp de l\u2019Arpa - Fundaci\u00f3n Uriach","og_description":"La Fundaci\u00f3 Uriach organitza una exposici\u00f3 a l\u2019Espai Antoni Mir\u00f3 Peris, al barri del Clot-Camp de l\u2019Arpa de Barcelona, on els Laboratoris Uriach van estar ubicats durant m\u00e9s de 100 anys. Aquesta exposici\u00f3 d\u00f3na a con\u00e8ixer part de la hist\u00f2ria industrial del barri i contribueix a recuperar la mem\u00f2ria dels ve\u00efns que van treballar en [&hellip;]","og_url":"https:\/\/www.fu1838.org\/ca\/exposiciones\/els-laboratoris-uriach-al-camp-de-larpa\/","og_site_name":"Fundaci\u00f3n Uriach","article_modified_time":"2025-03-03T13:13:32+00:00","og_image":[{"width":2304,"height":1728,"url":"https:\/\/www.fu1838.org\/wp-content\/uploads\/2024\/11\/Laboratorios-UriachCampArpa_ImagenPrincipal.jpg","type":"image\/jpeg"}],"twitter_card":"summary_large_image","twitter_misc":{"Temps estimat de lectura":"1 minut"},"schema":{"@context":"https:\/\/schema.org","@graph":[{"@type":"WebPage","@id":"https:\/\/www.fu1838.org\/ca\/exposiciones\/els-laboratoris-uriach-al-camp-de-larpa\/","url":"https:\/\/www.fu1838.org\/ca\/exposiciones\/els-laboratoris-uriach-al-camp-de-larpa\/","name":"Els laboratoris Uriach al Camp de l\u2019Arpa - Fundaci\u00f3n Uriach","isPartOf":{"@id":"https:\/\/www.fu1838.org\/ca\/#website"},"primaryImageOfPage":{"@id":"https:\/\/www.fu1838.org\/ca\/exposiciones\/els-laboratoris-uriach-al-camp-de-larpa\/#primaryimage"},"image":{"@id":"https:\/\/www.fu1838.org\/ca\/exposiciones\/els-laboratoris-uriach-al-camp-de-larpa\/#primaryimage"},"thumbnailUrl":"https:\/\/www.fu1838.org\/wp-content\/uploads\/2024\/11\/Laboratorios-UriachCampArpa_ImagenPrincipal.jpg","datePublished":"2024-11-20T11:09:12+00:00","dateModified":"2025-03-03T13:13:32+00:00","breadcrumb":{"@id":"https:\/\/www.fu1838.org\/ca\/exposiciones\/els-laboratoris-uriach-al-camp-de-larpa\/#breadcrumb"},"inLanguage":"ca","potentialAction":[{"@type":"ReadAction","target":["https:\/\/www.fu1838.org\/ca\/exposiciones\/els-laboratoris-uriach-al-camp-de-larpa\/"]}]},{"@type":"ImageObject","inLanguage":"ca","@id":"https:\/\/www.fu1838.org\/ca\/exposiciones\/els-laboratoris-uriach-al-camp-de-larpa\/#primaryimage","url":"https:\/\/www.fu1838.org\/wp-content\/uploads\/2024\/11\/Laboratorios-UriachCampArpa_ImagenPrincipal.jpg","contentUrl":"https:\/\/www.fu1838.org\/wp-content\/uploads\/2024\/11\/Laboratorios-UriachCampArpa_ImagenPrincipal.jpg","width":2304,"height":1728},{"@type":"BreadcrumbList","@id":"https:\/\/www.fu1838.org\/ca\/exposiciones\/els-laboratoris-uriach-al-camp-de-larpa\/#breadcrumb","itemListElement":[{"@type":"ListItem","position":1,"name":"Portada","item":"https:\/\/www.fu1838.org\/ca\/"},{"@type":"ListItem","position":2,"name":"Els laboratoris Uriach al Camp de l\u2019Arpa"}]},{"@type":"WebSite","@id":"https:\/\/www.fu1838.org\/ca\/#website","url":"https:\/\/www.fu1838.org\/ca\/","name":"Fundaci\u00f3n Uriach","description":"","potentialAction":[{"@type":"SearchAction","target":{"@type":"EntryPoint","urlTemplate":"https:\/\/www.fu1838.org\/ca\/?s={search_term_string}"},"query-input":{"@type":"PropertyValueSpecification","valueRequired":true,"valueName":"search_term_string"}}],"inLanguage":"ca"}]}},"_links":{"self":[{"href":"https:\/\/www.fu1838.org\/ca\/wp-json\/wp\/v2\/exposiciones\/6990","targetHints":{"allow":["GET"]}}],"collection":[{"href":"https:\/\/www.fu1838.org\/ca\/wp-json\/wp\/v2\/exposiciones"}],"about":[{"href":"https:\/\/www.fu1838.org\/ca\/wp-json\/wp\/v2\/types\/exposiciones"}],"wp:featuredmedia":[{"embeddable":true,"href":"https:\/\/www.fu1838.org\/ca\/wp-json\/wp\/v2\/media\/1077"}],"wp:attachment":[{"href":"https:\/\/www.fu1838.org\/ca\/wp-json\/wp\/v2\/media?parent=6990"}],"curies":[{"name":"wp","href":"https:\/\/api.w.org\/{rel}","templated":true}]}}

<p>La Fundació Uriach organitza una exposició a l’Espai Antoni Miró Peris, al barri del Clot-Camp de l’Arpa de Barcelona, on els Laboratoris Uriach van estar ubicats durant més de 100 anys. Aquesta exposició dóna a conèixer part de la història industrial del barri i contribueix a recuperar la memòria dels veïns que van treballar en aquesta empresa familiar.</p>

<p>A la mostra es poden veure fotografies d’autors tan destacats com Agustí Centelles i Francesc Català-Roca, qui van treballar per a Uriach fotografiant les seves instal·lacions i treballadors, així com cartells publicitaris antics de productes que van ser produïts pels laboratoris al llarg del segle XX.</p>

<!-- This site is optimized with the Yoast SEO plugin v24.1 - https://yoast.com/wordpress/plugins/seo/ -->
<title>Els laboratoris Uriach al Camp de l’Arpa - Fundación Uriach</title>
<meta name="robots" content="index, follow, max-snippet:-1, max-image-preview:large, max-video-preview:-1" />
<link rel="canonical" href="https://www.fu1838.org/ca/exposiciones/els-laboratoris-uriach-al-camp-de-larpa/" />
<meta property="og:locale" content="ca_ES" />
<meta property="og:type" content="article" />
<meta property="og:title" content="Els laboratoris Uriach al Camp de l’Arpa - Fundación Uriach" />
<meta property="og:description" content="La Fundació Uriach organitza una exposició a l’Espai Antoni Miró Peris, al barri del Clot-Camp de l’Arpa de Barcelona, on els Laboratoris Uriach van estar ubicats durant més de 100 anys. Aquesta exposició dóna a conèixer part de la història industrial del barri i contribueix a recuperar la memòria dels veïns que van treballar en [&hellip;]" />
<meta property="og:url" content="https://www.fu1838.org/ca/exposiciones/els-laboratoris-uriach-al-camp-de-larpa/" />
<meta property="og:site_name" content="Fundación Uriach" />
<meta property="article:modified_time" content="2025-03-03T13:13:32+00:00" />
<meta property="og:image" content="https://www.fu1838.org/wp-content/uploads/2024/11/Laboratorios-UriachCampArpa_ImagenPrincipal.jpg" />
	<meta property="og:image:width" content="2304" />
	<meta property="og:image:height" content="1728" />
	<meta property="og:image:type" content="image/jpeg" />
<meta name="twitter:card" content="summary_large_image" />
<meta name="twitter:label1" content="Temps estimat de lectura" />
	<meta name="twitter:data1" content="1 minut" />
<script type="application/ld+json" class="yoast-schema-graph">{"@context":"https://schema.org","@graph":[{"@type":"WebPage","@id":"https://www.fu1838.org/ca/exposiciones/els-laboratoris-uriach-al-camp-de-larpa/","url":"https://www.fu1838.org/ca/exposiciones/els-laboratoris-uriach-al-camp-de-larpa/","name":"Els laboratoris Uriach al Camp de l’Arpa - Fundación Uriach","isPartOf":{"@id":"https://www.fu1838.org/ca/#website"},"primaryImageOfPage":{"@id":"https://www.fu1838.org/ca/exposiciones/els-laboratoris-uriach-al-camp-de-larpa/#primaryimage"},"image":{"@id":"https://www.fu1838.org/ca/exposiciones/els-laboratoris-uriach-al-camp-de-larpa/#primaryimage"},"thumbnailUrl":"https://www.fu1838.org/wp-content/uploads/2024/11/Laboratorios-UriachCampArpa_ImagenPrincipal.jpg","datePublished":"2024-11-20T11:09:12+00:00","dateModified":"2025-03-03T13:13:32+00:00","breadcrumb":{"@id":"https://www.fu1838.org/ca/exposiciones/els-laboratoris-uriach-al-camp-de-larpa/#breadcrumb"},"inLanguage":"ca","potentialAction":[{"@type":"ReadAction","target":["https://www.fu1838.org/ca/exposiciones/els-laboratoris-uriach-al-camp-de-larpa/"]}]},{"@type":"ImageObject","inLanguage":"ca","@id":"https://www.fu1838.org/ca/exposiciones/els-laboratoris-uriach-al-camp-de-larpa/#primaryimage","url":"https://www.fu1838.org/wp-content/uploads/2024/11/Laboratorios-UriachCampArpa_ImagenPrincipal.jpg","contentUrl":"https://www.fu1838.org/wp-content/uploads/2024/11/Laboratorios-UriachCampArpa_ImagenPrincipal.jpg","width":2304,"height":1728},{"@type":"BreadcrumbList","@id":"https://www.fu1838.org/ca/exposiciones/els-laboratoris-uriach-al-camp-de-larpa/#breadcrumb","itemListElement":[{"@type":"ListItem","position":1,"name":"Portada","item":"https://www.fu1838.org/ca/"},{"@type":"ListItem","position":2,"name":"Els laboratoris Uriach al Camp de l’Arpa"}]},{"@type":"WebSite","@id":"https://www.fu1838.org/ca/#website","url":"https://www.fu1838.org/ca/","name":"Fundación Uriach","description":"","potentialAction":[{"@type":"SearchAction","target":{"@type":"EntryPoint","urlTemplate":"https://www.fu1838.org/ca/?s={search_term_string}"},"query-input":{"@type":"PropertyValueSpecification","valueRequired":true,"valueName":"search_term_string"}}],"inLanguage":"ca"}]}</script>
<!-- / Yoast SEO plugin. -->

Els laboratoris Uriach al Camp de l’Arpa - Fundación Uriach

La Fundació Uriach organitza una exposició a l’Espai Antoni Miró Peris, al barri del Clot-Camp de l’Arpa de Barcelona, on els Laboratoris Uriach van estar ubicats durant més de 100 anys. Aquesta exposició dóna a conèixer part de la història industrial del barri i contribueix a recuperar la memòria dels veïns que van treballar en [&hellip;]

Fundación Uriach
