{"id":7238,"date":"2024-11-28T15:18:39","date_gmt":"2024-11-28T14:18:39","guid":{"rendered":"https:\/\/www.fu1838.org\/joyas-archivo\/el-modernisme-i-la-publicitat\/"},"modified":"2025-03-11T17:08:55","modified_gmt":"2025-03-11T16:08:55","slug":"el-modernisme-i-la-publicitat","status":"publish","type":"joyas-archivo","link":"https:\/\/www.fu1838.org\/ca\/joyas-archivo\/el-modernisme-i-la-publicitat\/","title":{"rendered":"El modernisme i la publicitat"},"content":{"rendered":"\n<p>A finals del segle XIX i inicis del XX, la ciutat de Barcelona va experimentar un apogeu econ\u00f2mic i cultural en \u00e0mbits com l\u2019arquitectura, la m\u00fasica, el cartellisme i la publicitat, amb figures destacades com Antoni Gaud\u00ed, Dom\u00e8nech i Montaner, Ramon Casas i Santiago Rusi\u00f1ol, entre d\u2019altres. En aquest context, l\u2019art modernista es va convertir en un mitj\u00e0 clau per promoure productes i serveis a trav\u00e9s del cartellisme i la publicitat. Aquests dos mitjans van saber integrar les caracter\u00edstiques pr\u00f2pies del modernisme: l\u00ednies sinuoses, inspiraci\u00f3 en la natura i exaltaci\u00f3 de la bellesa, creant obres que no nom\u00e9s venien, sin\u00f3 que tamb\u00e9 embellien la ciutat i la omplien d\u2019orgull.<\/p>\n\n<p>Aquesta col\u00b7lecci\u00f3, que inclou obres d\u2019Antonio Utrillo i Francisco Seix, entre d\u2019altres, \u00e9s un reflex d\u2019un moment irrepetible per a la cultura del nostre pa\u00eds.<\/p>\n","protected":false},"featured_media":5865,"template":"","meta":{"_acf_changed":false},"categorias-joyas-archivo":[73],"class_list":["post-7238","joyas-archivo","type-joyas-archivo","status-publish","has-post-thumbnail","hentry","categorias-joyas-archivo-colleccio-publicitat"],"acf":[],"yoast_head":"<!-- This site is optimized with the Yoast SEO plugin v24.1 - https:\/\/yoast.com\/wordpress\/plugins\/seo\/ -->\n<title>El modernisme i la publicitat - Fundaci\u00f3n Uriach<\/title>\n<meta name=\"robots\" content=\"index, follow, max-snippet:-1, max-image-preview:large, max-video-preview:-1\" \/>\n<link rel=\"canonical\" href=\"https:\/\/www.fu1838.org\/ca\/joyas-archivo\/el-modernisme-i-la-publicitat\/\" \/>\n<meta property=\"og:locale\" content=\"ca_ES\" \/>\n<meta property=\"og:type\" content=\"article\" \/>\n<meta property=\"og:title\" content=\"El modernisme i la publicitat - Fundaci\u00f3n Uriach\" \/>\n<meta property=\"og:description\" content=\"A finals del segle XIX i inicis del XX, la ciutat de Barcelona va experimentar un apogeu econ\u00f2mic i cultural en \u00e0mbits com l\u2019arquitectura, la m\u00fasica, el cartellisme i la publicitat, amb figures destacades com Antoni Gaud\u00ed, Dom\u00e8nech i Montaner, Ramon Casas i Santiago Rusi\u00f1ol, entre d\u2019altres. En aquest context, l\u2019art modernista es va convertir [&hellip;]\" \/>\n<meta property=\"og:url\" content=\"https:\/\/www.fu1838.org\/ca\/joyas-archivo\/el-modernisme-i-la-publicitat\/\" \/>\n<meta property=\"og:site_name\" content=\"Fundaci\u00f3n Uriach\" \/>\n<meta property=\"article:modified_time\" content=\"2025-03-11T16:08:55+00:00\" \/>\n<meta property=\"og:image\" content=\"https:\/\/www.fu1838.org\/wp-content\/uploads\/2024\/11\/Modernismo_Publicidad.png\" \/>\n\t<meta property=\"og:image:width\" content=\"302\" \/>\n\t<meta property=\"og:image:height\" content=\"440\" \/>\n\t<meta property=\"og:image:type\" content=\"image\/png\" \/>\n<meta name=\"twitter:card\" content=\"summary_large_image\" \/>\n<meta name=\"twitter:label1\" content=\"Temps estimat de lectura\" \/>\n\t<meta name=\"twitter:data1\" content=\"1 minut\" \/>\n<script type=\"application\/ld+json\" class=\"yoast-schema-graph\">{\"@context\":\"https:\/\/schema.org\",\"@graph\":[{\"@type\":\"WebPage\",\"@id\":\"https:\/\/www.fu1838.org\/ca\/joyas-archivo\/el-modernisme-i-la-publicitat\/\",\"url\":\"https:\/\/www.fu1838.org\/ca\/joyas-archivo\/el-modernisme-i-la-publicitat\/\",\"name\":\"El modernisme i la publicitat - Fundaci\u00f3n Uriach\",\"isPartOf\":{\"@id\":\"https:\/\/www.fu1838.org\/ca\/#website\"},\"primaryImageOfPage\":{\"@id\":\"https:\/\/www.fu1838.org\/ca\/joyas-archivo\/el-modernisme-i-la-publicitat\/#primaryimage\"},\"image\":{\"@id\":\"https:\/\/www.fu1838.org\/ca\/joyas-archivo\/el-modernisme-i-la-publicitat\/#primaryimage\"},\"thumbnailUrl\":\"https:\/\/www.fu1838.org\/wp-content\/uploads\/2024\/11\/Modernismo_Publicidad.png\",\"datePublished\":\"2024-11-28T14:18:39+00:00\",\"dateModified\":\"2025-03-11T16:08:55+00:00\",\"breadcrumb\":{\"@id\":\"https:\/\/www.fu1838.org\/ca\/joyas-archivo\/el-modernisme-i-la-publicitat\/#breadcrumb\"},\"inLanguage\":\"ca\",\"potentialAction\":[{\"@type\":\"ReadAction\",\"target\":[\"https:\/\/www.fu1838.org\/ca\/joyas-archivo\/el-modernisme-i-la-publicitat\/\"]}]},{\"@type\":\"ImageObject\",\"inLanguage\":\"ca\",\"@id\":\"https:\/\/www.fu1838.org\/ca\/joyas-archivo\/el-modernisme-i-la-publicitat\/#primaryimage\",\"url\":\"https:\/\/www.fu1838.org\/wp-content\/uploads\/2024\/11\/Modernismo_Publicidad.png\",\"contentUrl\":\"https:\/\/www.fu1838.org\/wp-content\/uploads\/2024\/11\/Modernismo_Publicidad.png\",\"width\":302,\"height\":440},{\"@type\":\"BreadcrumbList\",\"@id\":\"https:\/\/www.fu1838.org\/ca\/joyas-archivo\/el-modernisme-i-la-publicitat\/#breadcrumb\",\"itemListElement\":[{\"@type\":\"ListItem\",\"position\":1,\"name\":\"Portada\",\"item\":\"https:\/\/www.fu1838.org\/ca\/\"},{\"@type\":\"ListItem\",\"position\":2,\"name\":\"El modernisme i la publicitat\"}]},{\"@type\":\"WebSite\",\"@id\":\"https:\/\/www.fu1838.org\/ca\/#website\",\"url\":\"https:\/\/www.fu1838.org\/ca\/\",\"name\":\"Fundaci\u00f3n Uriach\",\"description\":\"\",\"potentialAction\":[{\"@type\":\"SearchAction\",\"target\":{\"@type\":\"EntryPoint\",\"urlTemplate\":\"https:\/\/www.fu1838.org\/ca\/?s={search_term_string}\"},\"query-input\":{\"@type\":\"PropertyValueSpecification\",\"valueRequired\":true,\"valueName\":\"search_term_string\"}}],\"inLanguage\":\"ca\"}]}<\/script>\n<!-- \/ Yoast SEO plugin. -->","yoast_head_json":{"title":"El modernisme i la publicitat - Fundaci\u00f3n Uriach","robots":{"index":"index","follow":"follow","max-snippet":"max-snippet:-1","max-image-preview":"max-image-preview:large","max-video-preview":"max-video-preview:-1"},"canonical":"https:\/\/www.fu1838.org\/ca\/joyas-archivo\/el-modernisme-i-la-publicitat\/","og_locale":"ca_ES","og_type":"article","og_title":"El modernisme i la publicitat - Fundaci\u00f3n Uriach","og_description":"A finals del segle XIX i inicis del XX, la ciutat de Barcelona va experimentar un apogeu econ\u00f2mic i cultural en \u00e0mbits com l\u2019arquitectura, la m\u00fasica, el cartellisme i la publicitat, amb figures destacades com Antoni Gaud\u00ed, Dom\u00e8nech i Montaner, Ramon Casas i Santiago Rusi\u00f1ol, entre d\u2019altres. En aquest context, l\u2019art modernista es va convertir [&hellip;]","og_url":"https:\/\/www.fu1838.org\/ca\/joyas-archivo\/el-modernisme-i-la-publicitat\/","og_site_name":"Fundaci\u00f3n Uriach","article_modified_time":"2025-03-11T16:08:55+00:00","og_image":[{"width":302,"height":440,"url":"https:\/\/www.fu1838.org\/wp-content\/uploads\/2024\/11\/Modernismo_Publicidad.png","type":"image\/png"}],"twitter_card":"summary_large_image","twitter_misc":{"Temps estimat de lectura":"1 minut"},"schema":{"@context":"https:\/\/schema.org","@graph":[{"@type":"WebPage","@id":"https:\/\/www.fu1838.org\/ca\/joyas-archivo\/el-modernisme-i-la-publicitat\/","url":"https:\/\/www.fu1838.org\/ca\/joyas-archivo\/el-modernisme-i-la-publicitat\/","name":"El modernisme i la publicitat - Fundaci\u00f3n Uriach","isPartOf":{"@id":"https:\/\/www.fu1838.org\/ca\/#website"},"primaryImageOfPage":{"@id":"https:\/\/www.fu1838.org\/ca\/joyas-archivo\/el-modernisme-i-la-publicitat\/#primaryimage"},"image":{"@id":"https:\/\/www.fu1838.org\/ca\/joyas-archivo\/el-modernisme-i-la-publicitat\/#primaryimage"},"thumbnailUrl":"https:\/\/www.fu1838.org\/wp-content\/uploads\/2024\/11\/Modernismo_Publicidad.png","datePublished":"2024-11-28T14:18:39+00:00","dateModified":"2025-03-11T16:08:55+00:00","breadcrumb":{"@id":"https:\/\/www.fu1838.org\/ca\/joyas-archivo\/el-modernisme-i-la-publicitat\/#breadcrumb"},"inLanguage":"ca","potentialAction":[{"@type":"ReadAction","target":["https:\/\/www.fu1838.org\/ca\/joyas-archivo\/el-modernisme-i-la-publicitat\/"]}]},{"@type":"ImageObject","inLanguage":"ca","@id":"https:\/\/www.fu1838.org\/ca\/joyas-archivo\/el-modernisme-i-la-publicitat\/#primaryimage","url":"https:\/\/www.fu1838.org\/wp-content\/uploads\/2024\/11\/Modernismo_Publicidad.png","contentUrl":"https:\/\/www.fu1838.org\/wp-content\/uploads\/2024\/11\/Modernismo_Publicidad.png","width":302,"height":440},{"@type":"BreadcrumbList","@id":"https:\/\/www.fu1838.org\/ca\/joyas-archivo\/el-modernisme-i-la-publicitat\/#breadcrumb","itemListElement":[{"@type":"ListItem","position":1,"name":"Portada","item":"https:\/\/www.fu1838.org\/ca\/"},{"@type":"ListItem","position":2,"name":"El modernisme i la publicitat"}]},{"@type":"WebSite","@id":"https:\/\/www.fu1838.org\/ca\/#website","url":"https:\/\/www.fu1838.org\/ca\/","name":"Fundaci\u00f3n Uriach","description":"","potentialAction":[{"@type":"SearchAction","target":{"@type":"EntryPoint","urlTemplate":"https:\/\/www.fu1838.org\/ca\/?s={search_term_string}"},"query-input":{"@type":"PropertyValueSpecification","valueRequired":true,"valueName":"search_term_string"}}],"inLanguage":"ca"}]}},"_links":{"self":[{"href":"https:\/\/www.fu1838.org\/ca\/wp-json\/wp\/v2\/joyas-archivo\/7238","targetHints":{"allow":["GET"]}}],"collection":[{"href":"https:\/\/www.fu1838.org\/ca\/wp-json\/wp\/v2\/joyas-archivo"}],"about":[{"href":"https:\/\/www.fu1838.org\/ca\/wp-json\/wp\/v2\/types\/joyas-archivo"}],"wp:featuredmedia":[{"embeddable":true,"href":"https:\/\/www.fu1838.org\/ca\/wp-json\/wp\/v2\/media\/5865"}],"wp:attachment":[{"href":"https:\/\/www.fu1838.org\/ca\/wp-json\/wp\/v2\/media?parent=7238"}],"wp:term":[{"taxonomy":"categorias-joyas-archivo","embeddable":true,"href":"https:\/\/www.fu1838.org\/ca\/wp-json\/wp\/v2\/categorias-joyas-archivo?post=7238"}],"curies":[{"name":"wp","href":"https:\/\/api.w.org\/{rel}","templated":true}]}}

<p>A finals del segle XIX i inicis del XX, la ciutat de Barcelona va experimentar un apogeu econòmic i cultural en àmbits com l’arquitectura, la música, el cartellisme i la publicitat, amb figures destacades com Antoni Gaudí, Domènech i Montaner, Ramon Casas i Santiago Rusiñol, entre d’altres. En aquest context, l’art modernista es va convertir en un mitjà clau per promoure productes i serveis a través del cartellisme i la publicitat. Aquests dos mitjans van saber integrar les característiques pròpies del modernisme: línies sinuoses, inspiració en la natura i exaltació de la bellesa, creant obres que no només venien, sinó que també embellien la ciutat i la omplien d’orgull.</p>

<p>Aquesta col·lecció, que inclou obres d’Antonio Utrillo i Francisco Seix, entre d’altres, és un reflex d’un moment irrepetible per a la cultura del nostre país.</p>

<!-- This site is optimized with the Yoast SEO plugin v24.1 - https://yoast.com/wordpress/plugins/seo/ -->
<title>El modernisme i la publicitat - Fundación Uriach</title>
<meta name="robots" content="index, follow, max-snippet:-1, max-image-preview:large, max-video-preview:-1" />
<link rel="canonical" href="https://www.fu1838.org/ca/joyas-archivo/el-modernisme-i-la-publicitat/" />
<meta property="og:locale" content="ca_ES" />
<meta property="og:type" content="article" />
<meta property="og:title" content="El modernisme i la publicitat - Fundación Uriach" />
<meta property="og:description" content="A finals del segle XIX i inicis del XX, la ciutat de Barcelona va experimentar un apogeu econòmic i cultural en àmbits com l’arquitectura, la música, el cartellisme i la publicitat, amb figures destacades com Antoni Gaudí, Domènech i Montaner, Ramon Casas i Santiago Rusiñol, entre d’altres. En aquest context, l’art modernista es va convertir [&hellip;]" />
<meta property="og:url" content="https://www.fu1838.org/ca/joyas-archivo/el-modernisme-i-la-publicitat/" />
<meta property="og:site_name" content="Fundación Uriach" />
<meta property="article:modified_time" content="2025-03-11T16:08:55+00:00" />
<meta property="og:image" content="https://www.fu1838.org/wp-content/uploads/2024/11/Modernismo_Publicidad.png" />
	<meta property="og:image:width" content="302" />
	<meta property="og:image:height" content="440" />
	<meta property="og:image:type" content="image/png" />
<meta name="twitter:card" content="summary_large_image" />
<meta name="twitter:label1" content="Temps estimat de lectura" />
	<meta name="twitter:data1" content="1 minut" />
<script type="application/ld+json" class="yoast-schema-graph">{"@context":"https://schema.org","@graph":[{"@type":"WebPage","@id":"https://www.fu1838.org/ca/joyas-archivo/el-modernisme-i-la-publicitat/","url":"https://www.fu1838.org/ca/joyas-archivo/el-modernisme-i-la-publicitat/","name":"El modernisme i la publicitat - Fundación Uriach","isPartOf":{"@id":"https://www.fu1838.org/ca/#website"},"primaryImageOfPage":{"@id":"https://www.fu1838.org/ca/joyas-archivo/el-modernisme-i-la-publicitat/#primaryimage"},"image":{"@id":"https://www.fu1838.org/ca/joyas-archivo/el-modernisme-i-la-publicitat/#primaryimage"},"thumbnailUrl":"https://www.fu1838.org/wp-content/uploads/2024/11/Modernismo_Publicidad.png","datePublished":"2024-11-28T14:18:39+00:00","dateModified":"2025-03-11T16:08:55+00:00","breadcrumb":{"@id":"https://www.fu1838.org/ca/joyas-archivo/el-modernisme-i-la-publicitat/#breadcrumb"},"inLanguage":"ca","potentialAction":[{"@type":"ReadAction","target":["https://www.fu1838.org/ca/joyas-archivo/el-modernisme-i-la-publicitat/"]}]},{"@type":"ImageObject","inLanguage":"ca","@id":"https://www.fu1838.org/ca/joyas-archivo/el-modernisme-i-la-publicitat/#primaryimage","url":"https://www.fu1838.org/wp-content/uploads/2024/11/Modernismo_Publicidad.png","contentUrl":"https://www.fu1838.org/wp-content/uploads/2024/11/Modernismo_Publicidad.png","width":302,"height":440},{"@type":"BreadcrumbList","@id":"https://www.fu1838.org/ca/joyas-archivo/el-modernisme-i-la-publicitat/#breadcrumb","itemListElement":[{"@type":"ListItem","position":1,"name":"Portada","item":"https://www.fu1838.org/ca/"},{"@type":"ListItem","position":2,"name":"El modernisme i la publicitat"}]},{"@type":"WebSite","@id":"https://www.fu1838.org/ca/#website","url":"https://www.fu1838.org/ca/","name":"Fundación Uriach","description":"","potentialAction":[{"@type":"SearchAction","target":{"@type":"EntryPoint","urlTemplate":"https://www.fu1838.org/ca/?s={search_term_string}"},"query-input":{"@type":"PropertyValueSpecification","valueRequired":true,"valueName":"search_term_string"}}],"inLanguage":"ca"}]}</script>
<!-- / Yoast SEO plugin. -->

El modernisme i la publicitat - Fundación Uriach

A finals del segle XIX i inicis del XX, la ciutat de Barcelona va experimentar un apogeu econòmic i cultural en àmbits com l’arquitectura, la música, el cartellisme i la publicitat, amb figures destacades com Antoni Gaudí, Domènech i Montaner, Ramon Casas i Santiago Rusiñol, entre d’altres. En aquest context, l’art modernista es va convertir [&hellip;]

Fundación Uriach
