{"id":6957,"date":"2024-11-28T12:38:52","date_gmt":"2024-11-28T11:38:52","guid":{"rendered":"https:\/\/www.fu1838.org\/joyas-biblioteca\/ramillete-de-plantas-1646-esteban-de-villa\/"},"modified":"2026-01-16T09:13:18","modified_gmt":"2026-01-16T08:13:18","slug":"ramillete-de-plantas-1646-esteban-de-villa","status":"publish","type":"joyas-biblioteca","link":"https:\/\/www.fu1838.org\/ca\/joyas-biblioteca\/ramillete-de-plantas-1646-esteban-de-villa\/","title":{"rendered":"Ramillete de plantas, 1646 (Esteban de Villa)"},"content":{"rendered":"\n<p>Segona edici\u00f3 de l&#8217;obra de Fra Esteban de Villa publicada per primera vegada el 1636. El seu autor va ser monjo benedict\u00ed, farmac\u00e8utic i escriptor que va exercir la farm\u00e0cia a l&#8217;hospital de Sant Joan de Burgos durant el segle XVII.<\/p>\n\n<p>&#8220;Ramillete de Plantes&#8221; inclou informaci\u00f3 general sobre plantes, \u00fas dels simples, destil\u00b7laci\u00f3 per a l&#8217;obtenci\u00f3 d&#8217;aig\u00fces i olis medicinals i un receptari dels compostos usuals de l&#8217;\u00e8poca. Aix\u00ed mateix, una part dedicada a l&#8217;astrologia que descriu la import\u00e0ncia que tenien els astres, equinoccis i hores del dia en la recollida de les plantes i que influ\u00efa en les seves virtuts terap\u00e8utiques.<\/p>\n\n<p>Es tracta d&#8217;una obra que va tenir gran transcend\u00e8ncia en l&#8217;\u00e8poca en el m\u00f3n bot\u00e0nic i farmac\u00e8utic ja que les preparacions medicinals del segle XVII continuaven essent majorit\u00e0riament vegetals.<\/p>\n","protected":false},"featured_media":5985,"template":"","meta":{"_acf_changed":false},"class_list":["post-6957","joyas-biblioteca","type-joyas-biblioteca","status-publish","has-post-thumbnail","hentry"],"acf":[],"yoast_head":"<!-- This site is optimized with the Yoast SEO plugin v24.1 - https:\/\/yoast.com\/wordpress\/plugins\/seo\/ -->\n<title>Ramillete de plantas, 1646 (Esteban de Villa) - Fundaci\u00f3n Uriach<\/title>\n<meta name=\"robots\" content=\"index, follow, max-snippet:-1, max-image-preview:large, max-video-preview:-1\" \/>\n<link rel=\"canonical\" href=\"https:\/\/www.fu1838.org\/ca\/joyas-biblioteca\/ramillete-de-plantas-1646-esteban-de-villa\/\" \/>\n<meta property=\"og:locale\" content=\"ca_ES\" \/>\n<meta property=\"og:type\" content=\"article\" \/>\n<meta property=\"og:title\" content=\"Ramillete de plantas, 1646 (Esteban de Villa) - Fundaci\u00f3n Uriach\" \/>\n<meta property=\"og:description\" content=\"Segona edici\u00f3 de l&#8217;obra de Fra Esteban de Villa publicada per primera vegada el 1636. El seu autor va ser monjo benedict\u00ed, farmac\u00e8utic i escriptor que va exercir la farm\u00e0cia a l&#8217;hospital de Sant Joan de Burgos durant el segle XVII. &#8220;Ramillete de Plantes&#8221; inclou informaci\u00f3 general sobre plantes, \u00fas dels simples, destil\u00b7laci\u00f3 per a [&hellip;]\" \/>\n<meta property=\"og:url\" content=\"https:\/\/www.fu1838.org\/ca\/joyas-biblioteca\/ramillete-de-plantas-1646-esteban-de-villa\/\" \/>\n<meta property=\"og:site_name\" content=\"Fundaci\u00f3n Uriach\" \/>\n<meta property=\"article:modified_time\" content=\"2026-01-16T08:13:18+00:00\" \/>\n<meta property=\"og:image\" content=\"https:\/\/www.fu1838.org\/wp-content\/uploads\/2024\/11\/11945-scaled.jpg\" \/>\n\t<meta property=\"og:image:width\" content=\"1892\" \/>\n\t<meta property=\"og:image:height\" content=\"2560\" \/>\n\t<meta property=\"og:image:type\" content=\"image\/jpeg\" \/>\n<meta name=\"twitter:card\" content=\"summary_large_image\" \/>\n<meta name=\"twitter:label1\" content=\"Temps estimat de lectura\" \/>\n\t<meta name=\"twitter:data1\" content=\"1 minut\" \/>\n<script type=\"application\/ld+json\" class=\"yoast-schema-graph\">{\"@context\":\"https:\/\/schema.org\",\"@graph\":[{\"@type\":\"WebPage\",\"@id\":\"https:\/\/www.fu1838.org\/ca\/joyas-biblioteca\/ramillete-de-plantas-1646-esteban-de-villa\/\",\"url\":\"https:\/\/www.fu1838.org\/ca\/joyas-biblioteca\/ramillete-de-plantas-1646-esteban-de-villa\/\",\"name\":\"Ramillete de plantas, 1646 (Esteban de Villa) - Fundaci\u00f3n Uriach\",\"isPartOf\":{\"@id\":\"https:\/\/www.fu1838.org\/ca\/#website\"},\"primaryImageOfPage\":{\"@id\":\"https:\/\/www.fu1838.org\/ca\/joyas-biblioteca\/ramillete-de-plantas-1646-esteban-de-villa\/#primaryimage\"},\"image\":{\"@id\":\"https:\/\/www.fu1838.org\/ca\/joyas-biblioteca\/ramillete-de-plantas-1646-esteban-de-villa\/#primaryimage\"},\"thumbnailUrl\":\"https:\/\/www.fu1838.org\/wp-content\/uploads\/2024\/11\/11945-scaled.jpg\",\"datePublished\":\"2024-11-28T11:38:52+00:00\",\"dateModified\":\"2026-01-16T08:13:18+00:00\",\"breadcrumb\":{\"@id\":\"https:\/\/www.fu1838.org\/ca\/joyas-biblioteca\/ramillete-de-plantas-1646-esteban-de-villa\/#breadcrumb\"},\"inLanguage\":\"ca\",\"potentialAction\":[{\"@type\":\"ReadAction\",\"target\":[\"https:\/\/www.fu1838.org\/ca\/joyas-biblioteca\/ramillete-de-plantas-1646-esteban-de-villa\/\"]}]},{\"@type\":\"ImageObject\",\"inLanguage\":\"ca\",\"@id\":\"https:\/\/www.fu1838.org\/ca\/joyas-biblioteca\/ramillete-de-plantas-1646-esteban-de-villa\/#primaryimage\",\"url\":\"https:\/\/www.fu1838.org\/wp-content\/uploads\/2024\/11\/11945-scaled.jpg\",\"contentUrl\":\"https:\/\/www.fu1838.org\/wp-content\/uploads\/2024\/11\/11945-scaled.jpg\",\"width\":1892,\"height\":2560},{\"@type\":\"BreadcrumbList\",\"@id\":\"https:\/\/www.fu1838.org\/ca\/joyas-biblioteca\/ramillete-de-plantas-1646-esteban-de-villa\/#breadcrumb\",\"itemListElement\":[{\"@type\":\"ListItem\",\"position\":1,\"name\":\"Portada\",\"item\":\"https:\/\/www.fu1838.org\/ca\/\"},{\"@type\":\"ListItem\",\"position\":2,\"name\":\"Ramillete de plantas, 1646 (Esteban de Villa)\"}]},{\"@type\":\"WebSite\",\"@id\":\"https:\/\/www.fu1838.org\/ca\/#website\",\"url\":\"https:\/\/www.fu1838.org\/ca\/\",\"name\":\"Fundaci\u00f3n Uriach\",\"description\":\"\",\"potentialAction\":[{\"@type\":\"SearchAction\",\"target\":{\"@type\":\"EntryPoint\",\"urlTemplate\":\"https:\/\/www.fu1838.org\/ca\/?s={search_term_string}\"},\"query-input\":{\"@type\":\"PropertyValueSpecification\",\"valueRequired\":true,\"valueName\":\"search_term_string\"}}],\"inLanguage\":\"ca\"}]}<\/script>\n<!-- \/ Yoast SEO plugin. -->","yoast_head_json":{"title":"Ramillete de plantas, 1646 (Esteban de Villa) - Fundaci\u00f3n Uriach","robots":{"index":"index","follow":"follow","max-snippet":"max-snippet:-1","max-image-preview":"max-image-preview:large","max-video-preview":"max-video-preview:-1"},"canonical":"https:\/\/www.fu1838.org\/ca\/joyas-biblioteca\/ramillete-de-plantas-1646-esteban-de-villa\/","og_locale":"ca_ES","og_type":"article","og_title":"Ramillete de plantas, 1646 (Esteban de Villa) - Fundaci\u00f3n Uriach","og_description":"Segona edici\u00f3 de l&#8217;obra de Fra Esteban de Villa publicada per primera vegada el 1636. El seu autor va ser monjo benedict\u00ed, farmac\u00e8utic i escriptor que va exercir la farm\u00e0cia a l&#8217;hospital de Sant Joan de Burgos durant el segle XVII. &#8220;Ramillete de Plantes&#8221; inclou informaci\u00f3 general sobre plantes, \u00fas dels simples, destil\u00b7laci\u00f3 per a [&hellip;]","og_url":"https:\/\/www.fu1838.org\/ca\/joyas-biblioteca\/ramillete-de-plantas-1646-esteban-de-villa\/","og_site_name":"Fundaci\u00f3n Uriach","article_modified_time":"2026-01-16T08:13:18+00:00","og_image":[{"width":1892,"height":2560,"url":"https:\/\/www.fu1838.org\/wp-content\/uploads\/2024\/11\/11945-scaled.jpg","type":"image\/jpeg"}],"twitter_card":"summary_large_image","twitter_misc":{"Temps estimat de lectura":"1 minut"},"schema":{"@context":"https:\/\/schema.org","@graph":[{"@type":"WebPage","@id":"https:\/\/www.fu1838.org\/ca\/joyas-biblioteca\/ramillete-de-plantas-1646-esteban-de-villa\/","url":"https:\/\/www.fu1838.org\/ca\/joyas-biblioteca\/ramillete-de-plantas-1646-esteban-de-villa\/","name":"Ramillete de plantas, 1646 (Esteban de Villa) - Fundaci\u00f3n Uriach","isPartOf":{"@id":"https:\/\/www.fu1838.org\/ca\/#website"},"primaryImageOfPage":{"@id":"https:\/\/www.fu1838.org\/ca\/joyas-biblioteca\/ramillete-de-plantas-1646-esteban-de-villa\/#primaryimage"},"image":{"@id":"https:\/\/www.fu1838.org\/ca\/joyas-biblioteca\/ramillete-de-plantas-1646-esteban-de-villa\/#primaryimage"},"thumbnailUrl":"https:\/\/www.fu1838.org\/wp-content\/uploads\/2024\/11\/11945-scaled.jpg","datePublished":"2024-11-28T11:38:52+00:00","dateModified":"2026-01-16T08:13:18+00:00","breadcrumb":{"@id":"https:\/\/www.fu1838.org\/ca\/joyas-biblioteca\/ramillete-de-plantas-1646-esteban-de-villa\/#breadcrumb"},"inLanguage":"ca","potentialAction":[{"@type":"ReadAction","target":["https:\/\/www.fu1838.org\/ca\/joyas-biblioteca\/ramillete-de-plantas-1646-esteban-de-villa\/"]}]},{"@type":"ImageObject","inLanguage":"ca","@id":"https:\/\/www.fu1838.org\/ca\/joyas-biblioteca\/ramillete-de-plantas-1646-esteban-de-villa\/#primaryimage","url":"https:\/\/www.fu1838.org\/wp-content\/uploads\/2024\/11\/11945-scaled.jpg","contentUrl":"https:\/\/www.fu1838.org\/wp-content\/uploads\/2024\/11\/11945-scaled.jpg","width":1892,"height":2560},{"@type":"BreadcrumbList","@id":"https:\/\/www.fu1838.org\/ca\/joyas-biblioteca\/ramillete-de-plantas-1646-esteban-de-villa\/#breadcrumb","itemListElement":[{"@type":"ListItem","position":1,"name":"Portada","item":"https:\/\/www.fu1838.org\/ca\/"},{"@type":"ListItem","position":2,"name":"Ramillete de plantas, 1646 (Esteban de Villa)"}]},{"@type":"WebSite","@id":"https:\/\/www.fu1838.org\/ca\/#website","url":"https:\/\/www.fu1838.org\/ca\/","name":"Fundaci\u00f3n Uriach","description":"","potentialAction":[{"@type":"SearchAction","target":{"@type":"EntryPoint","urlTemplate":"https:\/\/www.fu1838.org\/ca\/?s={search_term_string}"},"query-input":{"@type":"PropertyValueSpecification","valueRequired":true,"valueName":"search_term_string"}}],"inLanguage":"ca"}]}},"_links":{"self":[{"href":"https:\/\/www.fu1838.org\/ca\/wp-json\/wp\/v2\/joyas-biblioteca\/6957","targetHints":{"allow":["GET"]}}],"collection":[{"href":"https:\/\/www.fu1838.org\/ca\/wp-json\/wp\/v2\/joyas-biblioteca"}],"about":[{"href":"https:\/\/www.fu1838.org\/ca\/wp-json\/wp\/v2\/types\/joyas-biblioteca"}],"wp:featuredmedia":[{"embeddable":true,"href":"https:\/\/www.fu1838.org\/ca\/wp-json\/wp\/v2\/media\/5985"}],"wp:attachment":[{"href":"https:\/\/www.fu1838.org\/ca\/wp-json\/wp\/v2\/media?parent=6957"}],"curies":[{"name":"wp","href":"https:\/\/api.w.org\/{rel}","templated":true}]}}

<p>Segona edició de l&#8217;obra de Fra Esteban de Villa publicada per primera vegada el 1636. El seu autor va ser monjo benedictí, farmacèutic i escriptor que va exercir la farmàcia a l&#8217;hospital de Sant Joan de Burgos durant el segle XVII.</p>

<p>&#8220;Ramillete de Plantes&#8221; inclou informació general sobre plantes, ús dels simples, destil·lació per a l&#8217;obtenció d&#8217;aigües i olis medicinals i un receptari dels compostos usuals de l&#8217;època. Així mateix, una part dedicada a l&#8217;astrologia que descriu la importància que tenien els astres, equinoccis i hores del dia en la recollida de les plantes i que influïa en les seves virtuts terapèutiques.</p>

<p>Es tracta d&#8217;una obra que va tenir gran transcendència en l&#8217;època en el món botànic i farmacèutic ja que les preparacions medicinals del segle XVII continuaven essent majoritàriament vegetals.</p>

<!-- This site is optimized with the Yoast SEO plugin v24.1 - https://yoast.com/wordpress/plugins/seo/ -->
<title>Ramillete de plantas, 1646 (Esteban de Villa) - Fundación Uriach</title>
<meta name="robots" content="index, follow, max-snippet:-1, max-image-preview:large, max-video-preview:-1" />
<link rel="canonical" href="https://www.fu1838.org/ca/joyas-biblioteca/ramillete-de-plantas-1646-esteban-de-villa/" />
<meta property="og:locale" content="ca_ES" />
<meta property="og:type" content="article" />
<meta property="og:title" content="Ramillete de plantas, 1646 (Esteban de Villa) - Fundación Uriach" />
<meta property="og:description" content="Segona edició de l&#8217;obra de Fra Esteban de Villa publicada per primera vegada el 1636. El seu autor va ser monjo benedictí, farmacèutic i escriptor que va exercir la farmàcia a l&#8217;hospital de Sant Joan de Burgos durant el segle XVII. &#8220;Ramillete de Plantes&#8221; inclou informació general sobre plantes, ús dels simples, destil·lació per a [&hellip;]" />
<meta property="og:url" content="https://www.fu1838.org/ca/joyas-biblioteca/ramillete-de-plantas-1646-esteban-de-villa/" />
<meta property="og:site_name" content="Fundación Uriach" />
<meta property="article:modified_time" content="2026-01-16T08:13:18+00:00" />
<meta property="og:image" content="https://www.fu1838.org/wp-content/uploads/2024/11/11945-scaled.jpg" />
	<meta property="og:image:width" content="1892" />
	<meta property="og:image:height" content="2560" />
	<meta property="og:image:type" content="image/jpeg" />
<meta name="twitter:card" content="summary_large_image" />
<meta name="twitter:label1" content="Temps estimat de lectura" />
	<meta name="twitter:data1" content="1 minut" />
<script type="application/ld+json" class="yoast-schema-graph">{"@context":"https://schema.org","@graph":[{"@type":"WebPage","@id":"https://www.fu1838.org/ca/joyas-biblioteca/ramillete-de-plantas-1646-esteban-de-villa/","url":"https://www.fu1838.org/ca/joyas-biblioteca/ramillete-de-plantas-1646-esteban-de-villa/","name":"Ramillete de plantas, 1646 (Esteban de Villa) - Fundación Uriach","isPartOf":{"@id":"https://www.fu1838.org/ca/#website"},"primaryImageOfPage":{"@id":"https://www.fu1838.org/ca/joyas-biblioteca/ramillete-de-plantas-1646-esteban-de-villa/#primaryimage"},"image":{"@id":"https://www.fu1838.org/ca/joyas-biblioteca/ramillete-de-plantas-1646-esteban-de-villa/#primaryimage"},"thumbnailUrl":"https://www.fu1838.org/wp-content/uploads/2024/11/11945-scaled.jpg","datePublished":"2024-11-28T11:38:52+00:00","dateModified":"2026-01-16T08:13:18+00:00","breadcrumb":{"@id":"https://www.fu1838.org/ca/joyas-biblioteca/ramillete-de-plantas-1646-esteban-de-villa/#breadcrumb"},"inLanguage":"ca","potentialAction":[{"@type":"ReadAction","target":["https://www.fu1838.org/ca/joyas-biblioteca/ramillete-de-plantas-1646-esteban-de-villa/"]}]},{"@type":"ImageObject","inLanguage":"ca","@id":"https://www.fu1838.org/ca/joyas-biblioteca/ramillete-de-plantas-1646-esteban-de-villa/#primaryimage","url":"https://www.fu1838.org/wp-content/uploads/2024/11/11945-scaled.jpg","contentUrl":"https://www.fu1838.org/wp-content/uploads/2024/11/11945-scaled.jpg","width":1892,"height":2560},{"@type":"BreadcrumbList","@id":"https://www.fu1838.org/ca/joyas-biblioteca/ramillete-de-plantas-1646-esteban-de-villa/#breadcrumb","itemListElement":[{"@type":"ListItem","position":1,"name":"Portada","item":"https://www.fu1838.org/ca/"},{"@type":"ListItem","position":2,"name":"Ramillete de plantas, 1646 (Esteban de Villa)"}]},{"@type":"WebSite","@id":"https://www.fu1838.org/ca/#website","url":"https://www.fu1838.org/ca/","name":"Fundación Uriach","description":"","potentialAction":[{"@type":"SearchAction","target":{"@type":"EntryPoint","urlTemplate":"https://www.fu1838.org/ca/?s={search_term_string}"},"query-input":{"@type":"PropertyValueSpecification","valueRequired":true,"valueName":"search_term_string"}}],"inLanguage":"ca"}]}</script>
<!-- / Yoast SEO plugin. -->

Ramillete de plantas, 1646 (Esteban de Villa) - Fundación Uriach

Segona edició de l&#8217;obra de Fra Esteban de Villa publicada per primera vegada el 1636. El seu autor va ser monjo benedictí, farmacèutic i escriptor que va exercir la farmàcia a l&#8217;hospital de Sant Joan de Burgos durant el segle XVII. &#8220;Ramillete de Plantes&#8221; inclou informació general sobre plantes, ús dels simples, destil·lació per a [&hellip;]

Fundación Uriach
